{"id":9610,"date":"2024-10-17T15:34:03","date_gmt":"2024-10-17T18:34:03","guid":{"rendered":"https:\/\/assulba.com.br\/?post_type=product&#038;p=9610"},"modified":"2024-10-17T22:02:14","modified_gmt":"2024-10-18T01:02:14","slug":"up-contentor-de-lixo-240-litros-azul-up01","status":"publish","type":"product","link":"https:\/\/assulba.com.br\/?product=up-contentor-de-lixo-240-litros-azul-up01","title":{"rendered":"UP CONTENTOR DE LIXO 240 LITROS AZUL UP01"},"content":{"rendered":"","protected":false},"excerpt":{"rendered":"<p>Contentor 240 litros com fundo refor\u00e7ado, caracter\u00edstica exclusiva da marca. Capacidade para armazenar 96kg. Dimens\u00f5es 60x100x55cm. Peso 8,4kg.<\/p>\n","protected":false},"featured_media":9616,"template":"","meta":[],"product_brand":[],"product_cat":[21,315],"product_tag":[77,76,70],"class_list":{"0":"post-9610","1":"product","2":"type-product","3":"status-publish","4":"has-post-thumbnail","6":"product_cat-cat_lixeiras","7":"product_cat-cat_contentores","8":"product_tag-container","9":"product_tag-contentor","10":"product_tag-lixeiras","12":"first","13":"instock","14":"shipping-taxable","15":"purchasable","16":"product-type-simple"},"jetpack_sharing_enabled":true,"_links":{"self":[{"href":"https:\/\/assulba.com.br\/index.php?rest_route=\/wp\/v2\/product\/9610","targetHints":{"allow":["GET"]}}],"collection":[{"href":"https:\/\/assulba.com.br\/index.php?rest_route=\/wp\/v2\/product"}],"about":[{"href":"https:\/\/assulba.com.br\/index.php?rest_route=\/wp\/v2\/types\/product"}],"wp:featuredmedia":[{"embeddable":true,"href":"https:\/\/assulba.com.br\/index.php?rest_route=\/wp\/v2\/media\/9616"}],"wp:attachment":[{"href":"https:\/\/assulba.com.br\/index.php?rest_route=%2Fwp%2Fv2%2Fmedia&parent=9610"}],"wp:term":[{"taxonomy":"product_brand","embeddable":true,"href":"https:\/\/assulba.com.br\/index.php?rest_route=%2Fwp%2Fv2%2Fproduct_brand&post=9610"},{"taxonomy":"product_cat","embeddable":true,"href":"https:\/\/assulba.com.br\/index.php?rest_route=%2Fwp%2Fv2%2Fproduct_cat&post=9610"},{"taxonomy":"product_tag","embeddable":true,"href":"https:\/\/assulba.com.br\/index.php?rest_route=%2Fwp%2Fv2%2Fproduct_tag&post=9610"}],"curies":[{"name":"wp","href":"https:\/\/api.w.org\/{rel}","templated":true}]}}