{"id":9592,"date":"2024-09-10T21:27:18","date_gmt":"2024-09-11T00:27:18","guid":{"rendered":"https:\/\/assulba.com.br\/?post_type=product&#038;p=9592"},"modified":"2024-09-10T21:34:08","modified_gmt":"2024-09-11T00:34:08","slug":"lixeira-papeleira-dina-50l-20kg-azul-contemar","status":"publish","type":"product","link":"https:\/\/assulba.com.br\/?product=lixeira-papeleira-dina-50l-20kg-azul-contemar","title":{"rendered":"LIXEIRA PAPELEIRA DINA 50L (20KG) AZUL CONTEMAR"},"content":{"rendered":"","protected":false},"excerpt":{"rendered":"<p>Lixeira papeleira em Polietileno de Alta Densidade (PEAD). Suporte integrado no corpo da lixeira (parte que \u00e9 fixada no poste ou parede), n\u00e3o possuindo pe\u00e7as de metal e, portanto, n\u00e3o sofre com processo de oxida\u00e7\u00e3o. \u00c9 o modelo mais resistente oferecido no mercado nacional. Possui dois anos de garantia. OBS: A lixeira n\u00e3o acompanha o poste da imagem.<\/p>\n","protected":false},"featured_media":9593,"template":"","meta":[],"product_brand":[],"product_cat":[21,317],"product_tag":[142,70,82],"class_list":{"0":"post-9592","1":"product","2":"type-product","3":"status-publish","4":"has-post-thumbnail","6":"product_cat-cat_lixeiras","7":"product_cat-cat_demaislixeiras","8":"product_tag-contemar","9":"product_tag-lixeiras","10":"product_tag-papeleira","12":"first","13":"instock","14":"featured","15":"shipping-taxable","16":"product-type-simple"},"jetpack_sharing_enabled":true,"_links":{"self":[{"href":"https:\/\/assulba.com.br\/index.php?rest_route=\/wp\/v2\/product\/9592","targetHints":{"allow":["GET"]}}],"collection":[{"href":"https:\/\/assulba.com.br\/index.php?rest_route=\/wp\/v2\/product"}],"about":[{"href":"https:\/\/assulba.com.br\/index.php?rest_route=\/wp\/v2\/types\/product"}],"wp:featuredmedia":[{"embeddable":true,"href":"https:\/\/assulba.com.br\/index.php?rest_route=\/wp\/v2\/media\/9593"}],"wp:attachment":[{"href":"https:\/\/assulba.com.br\/index.php?rest_route=%2Fwp%2Fv2%2Fmedia&parent=9592"}],"wp:term":[{"taxonomy":"product_brand","embeddable":true,"href":"https:\/\/assulba.com.br\/index.php?rest_route=%2Fwp%2Fv2%2Fproduct_brand&post=9592"},{"taxonomy":"product_cat","embeddable":true,"href":"https:\/\/assulba.com.br\/index.php?rest_route=%2Fwp%2Fv2%2Fproduct_cat&post=9592"},{"taxonomy":"product_tag","embeddable":true,"href":"https:\/\/assulba.com.br\/index.php?rest_route=%2Fwp%2Fv2%2Fproduct_tag&post=9592"}],"curies":[{"name":"wp","href":"https:\/\/api.w.org\/{rel}","templated":true}]}}