{"id":9398,"date":"2023-08-16T21:17:39","date_gmt":"2023-08-17T00:17:39","guid":{"rendered":"https:\/\/assulba.com.br\/?post_type=product&#038;p=9398"},"modified":"2024-03-24T13:11:21","modified_gmt":"2024-03-24T16:11:21","slug":"balde-espremedor-compacto-20l-perfect-pro","status":"publish","type":"product","link":"https:\/\/assulba.com.br\/?product=balde-espremedor-compacto-20l-perfect-pro","title":{"rendered":"BALDE ESPREMEDOR COMPACTO 20L PERFECT PRO"},"content":{"rendered":"","protected":false},"excerpt":{"rendered":"<p>Balde espremedor compacto indicado para lojas, empresas ou condom\u00ednios com pequenas \u00e1reas de uso comum. Produzido em polipropileno, possui divisor de \u00e1guas remov\u00edvel e espremedor de press\u00e3o lateral.<\/p>\n","protected":false},"featured_media":9400,"template":"","meta":[],"product_brand":[],"product_cat":[135,311],"product_tag":[108,27,110,155],"class_list":{"0":"post-9398","1":"product","2":"type-product","3":"status-publish","4":"has-post-thumbnail","6":"product_cat-cat_limpeza","7":"product_cat-cat_baldes_e_carros","8":"product_tag-balde","9":"product_tag-limpeza","10":"product_tag-mops","11":"product_tag-piso","13":"first","14":"instock","15":"shipping-taxable","16":"purchasable","17":"product-type-simple"},"jetpack_sharing_enabled":true,"_links":{"self":[{"href":"https:\/\/assulba.com.br\/index.php?rest_route=\/wp\/v2\/product\/9398","targetHints":{"allow":["GET"]}}],"collection":[{"href":"https:\/\/assulba.com.br\/index.php?rest_route=\/wp\/v2\/product"}],"about":[{"href":"https:\/\/assulba.com.br\/index.php?rest_route=\/wp\/v2\/types\/product"}],"wp:featuredmedia":[{"embeddable":true,"href":"https:\/\/assulba.com.br\/index.php?rest_route=\/wp\/v2\/media\/9400"}],"wp:attachment":[{"href":"https:\/\/assulba.com.br\/index.php?rest_route=%2Fwp%2Fv2%2Fmedia&parent=9398"}],"wp:term":[{"taxonomy":"product_brand","embeddable":true,"href":"https:\/\/assulba.com.br\/index.php?rest_route=%2Fwp%2Fv2%2Fproduct_brand&post=9398"},{"taxonomy":"product_cat","embeddable":true,"href":"https:\/\/assulba.com.br\/index.php?rest_route=%2Fwp%2Fv2%2Fproduct_cat&post=9398"},{"taxonomy":"product_tag","embeddable":true,"href":"https:\/\/assulba.com.br\/index.php?rest_route=%2Fwp%2Fv2%2Fproduct_tag&post=9398"}],"curies":[{"name":"wp","href":"https:\/\/api.w.org\/{rel}","templated":true}]}}