{"id":9105,"date":"2023-01-07T17:38:25","date_gmt":"2023-01-07T20:38:25","guid":{"rendered":"https:\/\/assulba.com.br\/?post_type=product&#038;p=9105"},"modified":"2024-03-17T00:43:43","modified_gmt":"2024-03-17T03:43:43","slug":"base-para-luminaria-astra","status":"publish","type":"product","link":"https:\/\/assulba.com.br\/?product=base-para-luminaria-astra","title":{"rendered":"BASE PARA LUMIN\u00c1RIA ASTRA"},"content":{"rendered":"","protected":false},"excerpt":{"rendered":"<p>Base para instala\u00e7\u00e3o de lumin\u00e1rias de teto ou parede. Ajust\u00e1vel e sem parafusos aparentes<\/p>\n","protected":false},"featured_media":9106,"template":"","meta":[],"product_brand":[],"product_cat":[138],"product_tag":[125],"class_list":{"0":"post-9105","1":"product","2":"type-product","3":"status-publish","4":"has-post-thumbnail","6":"product_cat-cat_iluminacao","7":"product_tag-iluminacao","9":"first","10":"instock","11":"shipping-taxable","12":"purchasable","13":"product-type-simple"},"jetpack_sharing_enabled":true,"_links":{"self":[{"href":"https:\/\/assulba.com.br\/index.php?rest_route=\/wp\/v2\/product\/9105","targetHints":{"allow":["GET"]}}],"collection":[{"href":"https:\/\/assulba.com.br\/index.php?rest_route=\/wp\/v2\/product"}],"about":[{"href":"https:\/\/assulba.com.br\/index.php?rest_route=\/wp\/v2\/types\/product"}],"wp:featuredmedia":[{"embeddable":true,"href":"https:\/\/assulba.com.br\/index.php?rest_route=\/wp\/v2\/media\/9106"}],"wp:attachment":[{"href":"https:\/\/assulba.com.br\/index.php?rest_route=%2Fwp%2Fv2%2Fmedia&parent=9105"}],"wp:term":[{"taxonomy":"product_brand","embeddable":true,"href":"https:\/\/assulba.com.br\/index.php?rest_route=%2Fwp%2Fv2%2Fproduct_brand&post=9105"},{"taxonomy":"product_cat","embeddable":true,"href":"https:\/\/assulba.com.br\/index.php?rest_route=%2Fwp%2Fv2%2Fproduct_cat&post=9105"},{"taxonomy":"product_tag","embeddable":true,"href":"https:\/\/assulba.com.br\/index.php?rest_route=%2Fwp%2Fv2%2Fproduct_tag&post=9105"}],"curies":[{"name":"wp","href":"https:\/\/api.w.org\/{rel}","templated":true}]}}