{"id":9067,"date":"2022-11-25T18:10:24","date_gmt":"2022-11-25T21:10:24","guid":{"rendered":"https:\/\/assulba.com.br\/?post_type=product&#038;p=9067"},"modified":"2024-03-17T00:43:44","modified_gmt":"2024-03-17T03:43:44","slug":"mangueira-para-irrigacao-pre-furada-100m-santeno","status":"publish","type":"product","link":"https:\/\/assulba.com.br\/?product=mangueira-para-irrigacao-pre-furada-100m-santeno","title":{"rendered":"MANGUEIRA PARA IRRIGA\u00c7\u00c3O PERFURADA 100M SANTENO"},"content":{"rendered":"","protected":false},"excerpt":{"rendered":"<p>Rolo com 100 metros de mangueira plana para irriga\u00e7\u00e3o, perfurada a laser. Raio de alcance da irriga\u00e7\u00e3o de 2,5 metros e altura de aspers\u00e3o de 2 metros. Garantia de 3 meses. Marca Santeno.<\/p>\n","protected":false},"featured_media":9068,"template":"","meta":[],"product_brand":[],"product_cat":[313],"product_tag":[35,39],"class_list":{"0":"post-9067","1":"product","2":"type-product","3":"status-publish","4":"has-post-thumbnail","6":"product_cat-cat_jardinagem","7":"product_tag-jardim","8":"product_tag-mangueira","10":"first","11":"instock","12":"shipping-taxable","13":"purchasable","14":"product-type-simple"},"jetpack_sharing_enabled":true,"_links":{"self":[{"href":"https:\/\/assulba.com.br\/index.php?rest_route=\/wp\/v2\/product\/9067","targetHints":{"allow":["GET"]}}],"collection":[{"href":"https:\/\/assulba.com.br\/index.php?rest_route=\/wp\/v2\/product"}],"about":[{"href":"https:\/\/assulba.com.br\/index.php?rest_route=\/wp\/v2\/types\/product"}],"wp:featuredmedia":[{"embeddable":true,"href":"https:\/\/assulba.com.br\/index.php?rest_route=\/wp\/v2\/media\/9068"}],"wp:attachment":[{"href":"https:\/\/assulba.com.br\/index.php?rest_route=%2Fwp%2Fv2%2Fmedia&parent=9067"}],"wp:term":[{"taxonomy":"product_brand","embeddable":true,"href":"https:\/\/assulba.com.br\/index.php?rest_route=%2Fwp%2Fv2%2Fproduct_brand&post=9067"},{"taxonomy":"product_cat","embeddable":true,"href":"https:\/\/assulba.com.br\/index.php?rest_route=%2Fwp%2Fv2%2Fproduct_cat&post=9067"},{"taxonomy":"product_tag","embeddable":true,"href":"https:\/\/assulba.com.br\/index.php?rest_route=%2Fwp%2Fv2%2Fproduct_tag&post=9067"}],"curies":[{"name":"wp","href":"https:\/\/api.w.org\/{rel}","templated":true}]}}