{"id":8566,"date":"2022-01-30T19:13:48","date_gmt":"2022-01-30T22:13:48","guid":{"rendered":"https:\/\/assulba.com.br\/?post_type=product&#038;p=8566"},"modified":"2024-03-17T00:43:45","modified_gmt":"2024-03-17T03:43:45","slug":"estrutura-metalica-bralimpia-para-lixeiras-coleta-seletiva","status":"publish","type":"product","link":"https:\/\/assulba.com.br\/?product=estrutura-metalica-bralimpia-para-lixeiras-coleta-seletiva","title":{"rendered":"ESTRUTURA MET\u00c1LICA BRALIMPIA PARA LIXEIRAS COLETA SELETIVA"},"content":{"rendered":"","protected":false},"excerpt":{"rendered":"<p>Estrutura met\u00e1lica da Bralimpia para fixa\u00e7\u00e3o de quatro lixeiras papeleiras de 50L de coleta seletiva. Produzida com pintura eletrost\u00e1tica resistente e \u00f3timo acabamento.<br \/>\nLixeiras da ilustra\u00e7\u00e3o s\u00e3o adquiridas separadamente.<br \/>\nTamanho: Alt. 56cm; Larg. 42cm; Compr. 164cm.<\/p>\n","protected":false},"featured_media":8569,"template":"","meta":[],"product_brand":[],"product_cat":[21,317],"product_tag":[71,70,130],"class_list":{"0":"post-8566","1":"product","2":"type-product","3":"status-publish","4":"has-post-thumbnail","6":"product_cat-cat_lixeiras","7":"product_cat-cat_demaislixeiras","8":"product_tag-coleta-seletiva","9":"product_tag-lixeiras","10":"product_tag-suportes","12":"first","13":"instock","14":"shipping-taxable","15":"purchasable","16":"product-type-simple"},"jetpack_sharing_enabled":true,"_links":{"self":[{"href":"https:\/\/assulba.com.br\/index.php?rest_route=\/wp\/v2\/product\/8566","targetHints":{"allow":["GET"]}}],"collection":[{"href":"https:\/\/assulba.com.br\/index.php?rest_route=\/wp\/v2\/product"}],"about":[{"href":"https:\/\/assulba.com.br\/index.php?rest_route=\/wp\/v2\/types\/product"}],"wp:featuredmedia":[{"embeddable":true,"href":"https:\/\/assulba.com.br\/index.php?rest_route=\/wp\/v2\/media\/8569"}],"wp:attachment":[{"href":"https:\/\/assulba.com.br\/index.php?rest_route=%2Fwp%2Fv2%2Fmedia&parent=8566"}],"wp:term":[{"taxonomy":"product_brand","embeddable":true,"href":"https:\/\/assulba.com.br\/index.php?rest_route=%2Fwp%2Fv2%2Fproduct_brand&post=8566"},{"taxonomy":"product_cat","embeddable":true,"href":"https:\/\/assulba.com.br\/index.php?rest_route=%2Fwp%2Fv2%2Fproduct_cat&post=8566"},{"taxonomy":"product_tag","embeddable":true,"href":"https:\/\/assulba.com.br\/index.php?rest_route=%2Fwp%2Fv2%2Fproduct_tag&post=8566"}],"curies":[{"name":"wp","href":"https:\/\/api.w.org\/{rel}","templated":true}]}}