{"id":8436,"date":"2021-12-05T11:20:43","date_gmt":"2021-12-05T14:20:43","guid":{"rendered":"https:\/\/assulba.com.br\/?post_type=product&#038;p=8436"},"modified":"2024-03-17T00:43:46","modified_gmt":"2024-03-17T03:43:46","slug":"lanterna-led-recarregavel-150l-vonder","status":"publish","type":"product","link":"https:\/\/assulba.com.br\/?product=lanterna-led-recarregavel-150l-vonder","title":{"rendered":"LANTERNA RECARREG\u00c1VEL L\u00cdTIO 150 L\u00daMENS"},"content":{"rendered":"","protected":false},"excerpt":{"rendered":"<p>Lanterna Vonder recarreg\u00e1vel, com alto alcance de ilumina\u00e7\u00e3o (100 metros), 150 l\u00famens e bateria de l\u00edtio. Acompanha fonte\/carregador. Tempo de dura\u00e7\u00e3o da carga de 6 horas ligada. Dimens\u00f5es do produto: comprimento 22cm, di\u00e2metro da lente 6cm. Bateria 3,7 V &#8211; 2 Ah &#8211; \u00cdons de l\u00edtio.<\/p>\n","protected":false},"featured_media":8437,"template":"","meta":[],"product_brand":[],"product_cat":[160,138],"product_tag":[125,127,17,136],"class_list":{"0":"post-8436","1":"product","2":"type-product","3":"status-publish","4":"has-post-thumbnail","6":"product_cat-cat_seguranca","7":"product_cat-cat_iluminacao","8":"product_tag-iluminacao","9":"product_tag-seguranca","10":"product_tag-sinalizacao","11":"product_tag-vonder","13":"first","14":"instock","15":"shipping-taxable","16":"purchasable","17":"product-type-simple"},"jetpack_sharing_enabled":true,"_links":{"self":[{"href":"https:\/\/assulba.com.br\/index.php?rest_route=\/wp\/v2\/product\/8436","targetHints":{"allow":["GET"]}}],"collection":[{"href":"https:\/\/assulba.com.br\/index.php?rest_route=\/wp\/v2\/product"}],"about":[{"href":"https:\/\/assulba.com.br\/index.php?rest_route=\/wp\/v2\/types\/product"}],"wp:featuredmedia":[{"embeddable":true,"href":"https:\/\/assulba.com.br\/index.php?rest_route=\/wp\/v2\/media\/8437"}],"wp:attachment":[{"href":"https:\/\/assulba.com.br\/index.php?rest_route=%2Fwp%2Fv2%2Fmedia&parent=8436"}],"wp:term":[{"taxonomy":"product_brand","embeddable":true,"href":"https:\/\/assulba.com.br\/index.php?rest_route=%2Fwp%2Fv2%2Fproduct_brand&post=8436"},{"taxonomy":"product_cat","embeddable":true,"href":"https:\/\/assulba.com.br\/index.php?rest_route=%2Fwp%2Fv2%2Fproduct_cat&post=8436"},{"taxonomy":"product_tag","embeddable":true,"href":"https:\/\/assulba.com.br\/index.php?rest_route=%2Fwp%2Fv2%2Fproduct_tag&post=8436"}],"curies":[{"name":"wp","href":"https:\/\/api.w.org\/{rel}","templated":true}]}}