{"id":7497,"date":"2021-06-05T15:28:08","date_gmt":"2021-06-05T18:28:08","guid":{"rendered":"https:\/\/assulba.com.br\/?post_type=product&#038;p=7497"},"modified":"2024-03-17T00:44:27","modified_gmt":"2024-03-17T03:44:27","slug":"roda-schioppa-300mm-para-contentor","status":"publish","type":"product","link":"https:\/\/assulba.com.br\/?product=roda-schioppa-300mm-para-contentor","title":{"rendered":"RODA ORIGINAL SCHIOPPA 300MM PARA CONTENTOR"},"content":{"rendered":"","protected":false},"excerpt":{"rendered":"<p>A roda Schioppa 300mm (grande) para contentores j\u00e1 \u00e9 reconhecida no mercado. Inclusive, \u00e9 utilizada pela f\u00e1brica Contemar em seus contentores, com garantida de 2 anos. A roda possui a marca Schioppa gravada na parte central, garantindo a autenticidade do produto.<\/p>\n","protected":false},"featured_media":7498,"template":"","meta":[],"product_brand":[],"product_cat":[161],"product_tag":[77,142,76,90],"class_list":{"0":"post-7497","1":"product","2":"type-product","3":"status-publish","4":"has-post-thumbnail","6":"product_cat-cat_diversos","7":"product_tag-container","8":"product_tag-contemar","9":"product_tag-contentor","10":"product_tag-lixeiras-com-rodas","12":"first","13":"instock","14":"shipping-taxable","15":"purchasable","16":"product-type-simple"},"jetpack_sharing_enabled":true,"_links":{"self":[{"href":"https:\/\/assulba.com.br\/index.php?rest_route=\/wp\/v2\/product\/7497","targetHints":{"allow":["GET"]}}],"collection":[{"href":"https:\/\/assulba.com.br\/index.php?rest_route=\/wp\/v2\/product"}],"about":[{"href":"https:\/\/assulba.com.br\/index.php?rest_route=\/wp\/v2\/types\/product"}],"wp:featuredmedia":[{"embeddable":true,"href":"https:\/\/assulba.com.br\/index.php?rest_route=\/wp\/v2\/media\/7498"}],"wp:attachment":[{"href":"https:\/\/assulba.com.br\/index.php?rest_route=%2Fwp%2Fv2%2Fmedia&parent=7497"}],"wp:term":[{"taxonomy":"product_brand","embeddable":true,"href":"https:\/\/assulba.com.br\/index.php?rest_route=%2Fwp%2Fv2%2Fproduct_brand&post=7497"},{"taxonomy":"product_cat","embeddable":true,"href":"https:\/\/assulba.com.br\/index.php?rest_route=%2Fwp%2Fv2%2Fproduct_cat&post=7497"},{"taxonomy":"product_tag","embeddable":true,"href":"https:\/\/assulba.com.br\/index.php?rest_route=%2Fwp%2Fv2%2Fproduct_tag&post=7497"}],"curies":[{"name":"wp","href":"https:\/\/api.w.org\/{rel}","templated":true}]}}