{"id":7472,"date":"2021-06-04T23:17:39","date_gmt":"2021-06-05T02:17:39","guid":{"rendered":"https:\/\/assulba.com.br\/?post_type=product&#038;p=7472"},"modified":"2024-03-17T00:44:27","modified_gmt":"2024-03-17T03:44:27","slug":"vaselina-liquida-industrial-500ml-vonder","status":"publish","type":"product","link":"https:\/\/assulba.com.br\/?product=vaselina-liquida-industrial-500ml-vonder","title":{"rendered":"VASELINA L\u00cdQUIDA INDUSTRIAL 500ML VONDER"},"content":{"rendered":"","protected":false},"excerpt":{"rendered":"<p>Indicada como \u00f3leo protetivo contra corros\u00e3o em metais, lubrifica\u00e7\u00e3o de esteiras, lubrifica\u00e7\u00e3o de m\u00e1quinas, limpeza de ar condicionado, plastificante de borracha, entre outros. Garrafa com 500 ml.<\/p>\n","protected":false},"featured_media":7476,"template":"","meta":[],"product_brand":[],"product_cat":[312,153],"product_tag":[114,31,154],"class_list":{"0":"post-7472","1":"product","2":"type-product","3":"status-publish","4":"has-post-thumbnail","6":"product_cat-cat-reparos","7":"product_cat-quimicos","8":"product_tag-aluminio","9":"product_tag-inox","10":"product_tag-quimico","12":"first","13":"instock","14":"shipping-taxable","15":"purchasable","16":"product-type-simple"},"jetpack_sharing_enabled":true,"_links":{"self":[{"href":"https:\/\/assulba.com.br\/index.php?rest_route=\/wp\/v2\/product\/7472","targetHints":{"allow":["GET"]}}],"collection":[{"href":"https:\/\/assulba.com.br\/index.php?rest_route=\/wp\/v2\/product"}],"about":[{"href":"https:\/\/assulba.com.br\/index.php?rest_route=\/wp\/v2\/types\/product"}],"wp:featuredmedia":[{"embeddable":true,"href":"https:\/\/assulba.com.br\/index.php?rest_route=\/wp\/v2\/media\/7476"}],"wp:attachment":[{"href":"https:\/\/assulba.com.br\/index.php?rest_route=%2Fwp%2Fv2%2Fmedia&parent=7472"}],"wp:term":[{"taxonomy":"product_brand","embeddable":true,"href":"https:\/\/assulba.com.br\/index.php?rest_route=%2Fwp%2Fv2%2Fproduct_brand&post=7472"},{"taxonomy":"product_cat","embeddable":true,"href":"https:\/\/assulba.com.br\/index.php?rest_route=%2Fwp%2Fv2%2Fproduct_cat&post=7472"},{"taxonomy":"product_tag","embeddable":true,"href":"https:\/\/assulba.com.br\/index.php?rest_route=%2Fwp%2Fv2%2Fproduct_tag&post=7472"}],"curies":[{"name":"wp","href":"https:\/\/api.w.org\/{rel}","templated":true}]}}