{"id":6944,"date":"2021-03-15T11:20:56","date_gmt":"2021-03-15T14:20:56","guid":{"rendered":"https:\/\/assulba.com.br\/?post_type=product&#038;p=6944"},"modified":"2024-03-17T00:44:29","modified_gmt":"2024-03-17T03:44:29","slug":"vassoura-gari-38cm-madeira-vonder","status":"publish","type":"product","link":"https:\/\/assulba.com.br\/?product=vassoura-gari-38cm-madeira-vonder","title":{"rendered":"VASSOURA GARI 38CM MADEIRA VONDER"},"content":{"rendered":"","protected":false},"excerpt":{"rendered":"<p>Vassoura indicada para uso profissional, em pisos lisos e \u00e1speros. Cerdas de pia\u00e7ava sint\u00e9tica, com 5 fileiras. Comprimento da cepa 38cm, profundidade 6,5cm, altura 9cm, cabo 120cm. Cabo e cepa em madeira.<\/p>\n","protected":false},"featured_media":6945,"template":"","meta":[],"product_brand":[],"product_cat":[135,309],"product_tag":[27],"class_list":{"0":"post-6944","1":"product","2":"type-product","3":"status-publish","4":"has-post-thumbnail","6":"product_cat-cat_limpeza","7":"product_cat-cat_limpeza_seca","8":"product_tag-limpeza","10":"first","11":"instock","12":"shipping-taxable","13":"purchasable","14":"product-type-simple"},"jetpack_sharing_enabled":true,"_links":{"self":[{"href":"https:\/\/assulba.com.br\/index.php?rest_route=\/wp\/v2\/product\/6944","targetHints":{"allow":["GET"]}}],"collection":[{"href":"https:\/\/assulba.com.br\/index.php?rest_route=\/wp\/v2\/product"}],"about":[{"href":"https:\/\/assulba.com.br\/index.php?rest_route=\/wp\/v2\/types\/product"}],"wp:featuredmedia":[{"embeddable":true,"href":"https:\/\/assulba.com.br\/index.php?rest_route=\/wp\/v2\/media\/6945"}],"wp:attachment":[{"href":"https:\/\/assulba.com.br\/index.php?rest_route=%2Fwp%2Fv2%2Fmedia&parent=6944"}],"wp:term":[{"taxonomy":"product_brand","embeddable":true,"href":"https:\/\/assulba.com.br\/index.php?rest_route=%2Fwp%2Fv2%2Fproduct_brand&post=6944"},{"taxonomy":"product_cat","embeddable":true,"href":"https:\/\/assulba.com.br\/index.php?rest_route=%2Fwp%2Fv2%2Fproduct_cat&post=6944"},{"taxonomy":"product_tag","embeddable":true,"href":"https:\/\/assulba.com.br\/index.php?rest_route=%2Fwp%2Fv2%2Fproduct_tag&post=6944"}],"curies":[{"name":"wp","href":"https:\/\/api.w.org\/{rel}","templated":true}]}}