{"id":6342,"date":"2020-09-29T18:18:50","date_gmt":"2020-09-29T21:18:50","guid":{"rendered":"https:\/\/assulba.com.br\/?post_type=product&#038;p=6342"},"modified":"2024-03-17T00:44:30","modified_gmt":"2024-03-17T03:44:30","slug":"grafite-em-po-25g","status":"publish","type":"product","link":"https:\/\/assulba.com.br\/?product=grafite-em-po-25g","title":{"rendered":"GRAFITE EM P\u00d3 25G"},"content":{"rendered":"","protected":false},"excerpt":{"rendered":"<p>Grafite em p\u00f3 \u00e9 ideal para lubrificar fechaduras e cadeados. Por n\u00e3o ser l\u00edquida, evita a ader\u00eancia de poeira no mecanismo, o que aumenta a vida \u00fatil do mesmo. Tamb\u00e9m pode ser utilizada em dobradi\u00e7as e outros pequenos instrumentos de metal.<\/p>\n","protected":false},"featured_media":6343,"template":"","meta":[],"product_brand":[],"product_cat":[312],"product_tag":[34],"class_list":{"0":"post-6342","1":"product","2":"type-product","3":"status-publish","4":"has-post-thumbnail","6":"product_cat-cat-reparos","7":"product_tag-ferramenta","9":"first","10":"instock","11":"shipping-taxable","12":"purchasable","13":"product-type-simple"},"jetpack_sharing_enabled":true,"_links":{"self":[{"href":"https:\/\/assulba.com.br\/index.php?rest_route=\/wp\/v2\/product\/6342","targetHints":{"allow":["GET"]}}],"collection":[{"href":"https:\/\/assulba.com.br\/index.php?rest_route=\/wp\/v2\/product"}],"about":[{"href":"https:\/\/assulba.com.br\/index.php?rest_route=\/wp\/v2\/types\/product"}],"wp:featuredmedia":[{"embeddable":true,"href":"https:\/\/assulba.com.br\/index.php?rest_route=\/wp\/v2\/media\/6343"}],"wp:attachment":[{"href":"https:\/\/assulba.com.br\/index.php?rest_route=%2Fwp%2Fv2%2Fmedia&parent=6342"}],"wp:term":[{"taxonomy":"product_brand","embeddable":true,"href":"https:\/\/assulba.com.br\/index.php?rest_route=%2Fwp%2Fv2%2Fproduct_brand&post=6342"},{"taxonomy":"product_cat","embeddable":true,"href":"https:\/\/assulba.com.br\/index.php?rest_route=%2Fwp%2Fv2%2Fproduct_cat&post=6342"},{"taxonomy":"product_tag","embeddable":true,"href":"https:\/\/assulba.com.br\/index.php?rest_route=%2Fwp%2Fv2%2Fproduct_tag&post=6342"}],"curies":[{"name":"wp","href":"https:\/\/api.w.org\/{rel}","templated":true}]}}