{"id":6276,"date":"2020-09-20T17:14:25","date_gmt":"2020-09-20T20:14:25","guid":{"rendered":"https:\/\/assulba.com.br\/?post_type=product&#038;p=6276"},"modified":"2024-03-17T00:44:30","modified_gmt":"2024-03-17T03:44:30","slug":"sabonete-liquido-proteinas-do-leite-exaccta-5l","status":"publish","type":"product","link":"https:\/\/assulba.com.br\/?product=sabonete-liquido-proteinas-do-leite-exaccta-5l","title":{"rendered":"SABONETE L\u00cdQUIDO PROTE\u00cdNAS DO LEITE EXACCTA 5L"},"content":{"rendered":"","protected":false},"excerpt":{"rendered":"<p>Sabonete indicado para uso frequente, n\u00e3o resseca as m\u00e3os e possui um suave odor. Ideal para ser utilizado nos reservat\u00f3rios de saboneteiras. Gal\u00e3o com 5 litros.<\/p>\n","protected":false},"featured_media":6277,"template":"","meta":[],"product_brand":[],"product_cat":[22,153],"product_tag":[162,95],"class_list":{"0":"post-6276","1":"product","2":"type-product","3":"status-publish","4":"has-post-thumbnail","6":"product_cat-banheiro","7":"product_cat-quimicos","8":"product_tag-higiene","9":"product_tag-saboneteira","11":"first","12":"instock","13":"shipping-taxable","14":"purchasable","15":"product-type-simple"},"jetpack_sharing_enabled":true,"_links":{"self":[{"href":"https:\/\/assulba.com.br\/index.php?rest_route=\/wp\/v2\/product\/6276","targetHints":{"allow":["GET"]}}],"collection":[{"href":"https:\/\/assulba.com.br\/index.php?rest_route=\/wp\/v2\/product"}],"about":[{"href":"https:\/\/assulba.com.br\/index.php?rest_route=\/wp\/v2\/types\/product"}],"wp:featuredmedia":[{"embeddable":true,"href":"https:\/\/assulba.com.br\/index.php?rest_route=\/wp\/v2\/media\/6277"}],"wp:attachment":[{"href":"https:\/\/assulba.com.br\/index.php?rest_route=%2Fwp%2Fv2%2Fmedia&parent=6276"}],"wp:term":[{"taxonomy":"product_brand","embeddable":true,"href":"https:\/\/assulba.com.br\/index.php?rest_route=%2Fwp%2Fv2%2Fproduct_brand&post=6276"},{"taxonomy":"product_cat","embeddable":true,"href":"https:\/\/assulba.com.br\/index.php?rest_route=%2Fwp%2Fv2%2Fproduct_cat&post=6276"},{"taxonomy":"product_tag","embeddable":true,"href":"https:\/\/assulba.com.br\/index.php?rest_route=%2Fwp%2Fv2%2Fproduct_tag&post=6276"}],"curies":[{"name":"wp","href":"https:\/\/api.w.org\/{rel}","templated":true}]}}