{"id":594,"date":"2017-11-13T21:19:45","date_gmt":"2017-11-13T21:19:45","guid":{"rendered":"http:\/\/assulba.com.br\/?post_type=product&#038;p=594"},"modified":"2024-03-17T01:02:27","modified_gmt":"2024-03-17T04:02:27","slug":"thunder","status":"publish","type":"product","link":"https:\/\/assulba.com.br\/?product=thunder","title":{"rendered":"Thunder eletr\u00f4nico"},"content":{"rendered":"","protected":false},"excerpt":{"rendered":"<p>(SOB ENCOMENDA)<\/p>\n<p>REF. 1914<\/p>\n<p>\u2022 Gangorra Infantil em formato de cavalinho com v\u00e1rias op\u00e7\u00f5es de cores.<br \/>\n\u2022 Assento anat\u00f4mico e macio que facilita a montaria da crian\u00e7a.<br \/>\n\u2022 Pegadores Confort\u00e1veis e apoio para os p\u00e9s.<br \/>\n\u2022 Mecanismo eletr\u00f4nico que emite som de galope e trote.<br \/>\n\u2022 Totalmente montado.<\/p>\n<p>Largura: 0,28m<br \/>\nAltura: 0,49m<br \/>\nComprimento: 0,92m<\/p>\n","protected":false},"featured_media":4522,"template":"","meta":[],"product_brand":[],"product_cat":[159],"product_tag":[104,89,105,103],"class_list":{"0":"post-594","1":"product","2":"type-product","3":"status-publish","4":"has-post-thumbnail","6":"product_cat-cat_moveis_play","7":"product_tag-brinquedos","8":"product_tag-infantil","9":"product_tag-parquinho","10":"product_tag-playground","12":"first","13":"instock","14":"shipping-taxable","15":"purchasable","16":"product-type-simple"},"jetpack_sharing_enabled":true,"_links":{"self":[{"href":"https:\/\/assulba.com.br\/index.php?rest_route=\/wp\/v2\/product\/594","targetHints":{"allow":["GET"]}}],"collection":[{"href":"https:\/\/assulba.com.br\/index.php?rest_route=\/wp\/v2\/product"}],"about":[{"href":"https:\/\/assulba.com.br\/index.php?rest_route=\/wp\/v2\/types\/product"}],"wp:featuredmedia":[{"embeddable":true,"href":"https:\/\/assulba.com.br\/index.php?rest_route=\/wp\/v2\/media\/4522"}],"wp:attachment":[{"href":"https:\/\/assulba.com.br\/index.php?rest_route=%2Fwp%2Fv2%2Fmedia&parent=594"}],"wp:term":[{"taxonomy":"product_brand","embeddable":true,"href":"https:\/\/assulba.com.br\/index.php?rest_route=%2Fwp%2Fv2%2Fproduct_brand&post=594"},{"taxonomy":"product_cat","embeddable":true,"href":"https:\/\/assulba.com.br\/index.php?rest_route=%2Fwp%2Fv2%2Fproduct_cat&post=594"},{"taxonomy":"product_tag","embeddable":true,"href":"https:\/\/assulba.com.br\/index.php?rest_route=%2Fwp%2Fv2%2Fproduct_tag&post=594"}],"curies":[{"name":"wp","href":"https:\/\/api.w.org\/{rel}","templated":true}]}}