{"id":583,"date":"2017-11-13T21:08:06","date_gmt":"2017-11-14T00:08:06","guid":{"rendered":"http:\/\/assulba.com.br\/?post_type=product&#038;p=583"},"modified":"2024-03-17T01:02:28","modified_gmt":"2024-03-17T04:02:28","slug":"container-240l-roda-300mm","status":"publish","type":"product","link":"https:\/\/assulba.com.br\/?product=container-240l-roda-300mm","title":{"rendered":"CONTENTOR 240L AMERICANO (RODAS SCHIOPPA) CONTEMAR"},"content":{"rendered":"","protected":false},"excerpt":{"rendered":"<p>O contentor modelo Americano da Contemar, com rodas Schioppa originais de f\u00e1brica, \u00e9 o mais resistente atualmente no mercado nacional. Assim como o modelo Europeu, \u00e9 indicado para situa\u00e7\u00f5es com maior intensidade de uso, com movimenta\u00e7\u00f5es frequentes e que ficar\u00e1 suscept\u00edvel ao manuseio de profissionais da coleta de lixo. Por conta da grande resist\u00eancia, proporciona economia. Sua durabilidade resulta na maior vida \u00fatil e longo per\u00edodo sem reposi\u00e7\u00e3o ou manuten\u00e7\u00e3o do equipamento.<br \/>\nModelo Americano com rodas de 30cm de di\u00e2metro. Volume: 240 Litros. Peso: 19,4 kg. Dim: A 111cm x  L 58cm x P 780cm. Carga M\u00e1xima: 96Kg. Material: Polietileno de Alta Densidade (PEAD).<\/p>\n<p><iframe loading=\"lazy\" width=\"560\" height=\"315\" src=\"https:\/\/www.youtube-nocookie.com\/embed\/MtKzTQRDHlY\" title=\"YouTube video player\" frameborder=\"0\" allow=\"accelerometer; autoplay; clipboard-write; encrypted-media; gyroscope; picture-in-picture\" allowfullscreen><\/iframe><\/p>\n","protected":false},"featured_media":4988,"template":"","meta":[],"product_brand":[],"product_cat":[21,315],"product_tag":[77,76,79],"class_list":{"0":"post-583","1":"product","2":"type-product","3":"status-publish","4":"has-post-thumbnail","6":"product_cat-cat_lixeiras","7":"product_cat-cat_contentores","8":"product_tag-container","9":"product_tag-contentor","10":"product_tag-lixo","12":"first","13":"instock","14":"shipping-taxable","15":"purchasable","16":"product-type-variable"},"jetpack_sharing_enabled":true,"_links":{"self":[{"href":"https:\/\/assulba.com.br\/index.php?rest_route=\/wp\/v2\/product\/583","targetHints":{"allow":["GET"]}}],"collection":[{"href":"https:\/\/assulba.com.br\/index.php?rest_route=\/wp\/v2\/product"}],"about":[{"href":"https:\/\/assulba.com.br\/index.php?rest_route=\/wp\/v2\/types\/product"}],"wp:featuredmedia":[{"embeddable":true,"href":"https:\/\/assulba.com.br\/index.php?rest_route=\/wp\/v2\/media\/4988"}],"wp:attachment":[{"href":"https:\/\/assulba.com.br\/index.php?rest_route=%2Fwp%2Fv2%2Fmedia&parent=583"}],"wp:term":[{"taxonomy":"product_brand","embeddable":true,"href":"https:\/\/assulba.com.br\/index.php?rest_route=%2Fwp%2Fv2%2Fproduct_brand&post=583"},{"taxonomy":"product_cat","embeddable":true,"href":"https:\/\/assulba.com.br\/index.php?rest_route=%2Fwp%2Fv2%2Fproduct_cat&post=583"},{"taxonomy":"product_tag","embeddable":true,"href":"https:\/\/assulba.com.br\/index.php?rest_route=%2Fwp%2Fv2%2Fproduct_tag&post=583"}],"curies":[{"name":"wp","href":"https:\/\/api.w.org\/{rel}","templated":true}]}}