{"id":537,"date":"2017-11-13T20:03:10","date_gmt":"2017-11-13T20:03:10","guid":{"rendered":"http:\/\/assulba.com.br\/?post_type=product&#038;p=537"},"modified":"2024-09-07T17:05:24","modified_gmt":"2024-09-07T20:05:24","slug":"carrinho-compras-cdivisorias","status":"publish","type":"product","link":"https:\/\/assulba.com.br\/?product=carrinho-compras-cdivisorias","title":{"rendered":"Carrinho de compras c\/divis\u00f3riaS"},"content":{"rendered":"","protected":false},"excerpt":{"rendered":"<p>REF. 1052<\/p>\n<p>Produto confeccionado em a\u00e7o carbono SAE 1020 galvanizado e revestimento eletrost\u00e1tico contra a oxida\u00e7\u00e3o. Borracha de prote\u00e7\u00e3o na borda superior e cantos arredondados para melhor manipula\u00e7\u00e3o do carrinho.<\/p>\n<p>Acompanha 2 rodas girat\u00f3rias e 2 rodas fixas.<\/p>\n<p>200 litros.<\/p>\n","protected":false},"featured_media":3120,"template":"","meta":[],"product_brand":[],"product_cat":[20],"product_tag":[54,61],"class_list":{"0":"post-537","1":"product","2":"type-product","3":"status-publish","4":"has-post-thumbnail","6":"product_cat-cat_logistica","7":"product_tag-carrinho","8":"product_tag-carrinho-de-compras","10":"first","11":"instock","12":"shipping-taxable","13":"purchasable","14":"product-type-simple"},"jetpack_sharing_enabled":true,"_links":{"self":[{"href":"https:\/\/assulba.com.br\/index.php?rest_route=\/wp\/v2\/product\/537","targetHints":{"allow":["GET"]}}],"collection":[{"href":"https:\/\/assulba.com.br\/index.php?rest_route=\/wp\/v2\/product"}],"about":[{"href":"https:\/\/assulba.com.br\/index.php?rest_route=\/wp\/v2\/types\/product"}],"wp:featuredmedia":[{"embeddable":true,"href":"https:\/\/assulba.com.br\/index.php?rest_route=\/wp\/v2\/media\/3120"}],"wp:attachment":[{"href":"https:\/\/assulba.com.br\/index.php?rest_route=%2Fwp%2Fv2%2Fmedia&parent=537"}],"wp:term":[{"taxonomy":"product_brand","embeddable":true,"href":"https:\/\/assulba.com.br\/index.php?rest_route=%2Fwp%2Fv2%2Fproduct_brand&post=537"},{"taxonomy":"product_cat","embeddable":true,"href":"https:\/\/assulba.com.br\/index.php?rest_route=%2Fwp%2Fv2%2Fproduct_cat&post=537"},{"taxonomy":"product_tag","embeddable":true,"href":"https:\/\/assulba.com.br\/index.php?rest_route=%2Fwp%2Fv2%2Fproduct_tag&post=537"}],"curies":[{"name":"wp","href":"https:\/\/api.w.org\/{rel}","templated":true}]}}