{"id":532,"date":"2017-11-13T19:56:58","date_gmt":"2017-11-13T22:56:58","guid":{"rendered":"http:\/\/assulba.com.br\/?post_type=product&#038;p=532"},"modified":"2024-03-17T01:02:29","modified_gmt":"2024-03-17T04:02:29","slug":"pedestal-zebrado","status":"publish","type":"product","link":"https:\/\/assulba.com.br\/?product=pedestal-zebrado","title":{"rendered":"Pedestal zebrado"},"content":{"rendered":"","protected":false},"excerpt":{"rendered":"<p>REF. 1153<\/p>\n<p>Produzido em tubo pl\u00e1stico, com ganchos em metal para a fixa\u00e7\u00e3o da corrente. Base com revestimento e peso interno, que fornece boa estabilidade. Utilizado para organiza\u00e7\u00e3o de filas, limita\u00e7\u00e3o de \u00e1reas e restri\u00e7\u00e3o de fluxo de pessoas.<br \/>\nCor: Amarelo e preto<br \/>\nAltura: 90cm<br \/>\nMaterial: Tubo em PVC e base em polietileno com enchimento em concreto.<br \/>\nPeso: 5kg<br \/>\nCorrente vendida separadamente.<\/p>\n","protected":false},"featured_media":4551,"template":"","meta":[],"product_brand":[],"product_cat":[303,160],"product_tag":[127,17],"class_list":{"0":"post-532","1":"product","2":"type-product","3":"status-publish","4":"has-post-thumbnail","6":"product_cat-servico-espera","7":"product_cat-cat_seguranca","8":"product_tag-seguranca","9":"product_tag-sinalizacao","11":"first","12":"instock","13":"shipping-taxable","14":"purchasable","15":"product-type-simple"},"jetpack_sharing_enabled":true,"_links":{"self":[{"href":"https:\/\/assulba.com.br\/index.php?rest_route=\/wp\/v2\/product\/532","targetHints":{"allow":["GET"]}}],"collection":[{"href":"https:\/\/assulba.com.br\/index.php?rest_route=\/wp\/v2\/product"}],"about":[{"href":"https:\/\/assulba.com.br\/index.php?rest_route=\/wp\/v2\/types\/product"}],"wp:featuredmedia":[{"embeddable":true,"href":"https:\/\/assulba.com.br\/index.php?rest_route=\/wp\/v2\/media\/4551"}],"wp:attachment":[{"href":"https:\/\/assulba.com.br\/index.php?rest_route=%2Fwp%2Fv2%2Fmedia&parent=532"}],"wp:term":[{"taxonomy":"product_brand","embeddable":true,"href":"https:\/\/assulba.com.br\/index.php?rest_route=%2Fwp%2Fv2%2Fproduct_brand&post=532"},{"taxonomy":"product_cat","embeddable":true,"href":"https:\/\/assulba.com.br\/index.php?rest_route=%2Fwp%2Fv2%2Fproduct_cat&post=532"},{"taxonomy":"product_tag","embeddable":true,"href":"https:\/\/assulba.com.br\/index.php?rest_route=%2Fwp%2Fv2%2Fproduct_tag&post=532"}],"curies":[{"name":"wp","href":"https:\/\/api.w.org\/{rel}","templated":true}]}}