{"id":5209,"date":"2020-04-05T17:54:18","date_gmt":"2020-04-05T20:54:18","guid":{"rendered":"https:\/\/assulba.com.br\/?post_type=product&#038;p=5209"},"modified":"2024-03-17T01:01:04","modified_gmt":"2024-03-17T04:01:04","slug":"kit-no-smell-bloqueador-de-odores-trilha","status":"publish","type":"product","link":"https:\/\/assulba.com.br\/?product=kit-no-smell-bloqueador-de-odores-trilha","title":{"rendered":"KIT NO SMELL BLOQUEADOR DE ODORES TRILHA"},"content":{"rendered":"","protected":false},"excerpt":{"rendered":"<p>O Kit No Smell impede que o odor das fezes permane\u00e7a no banheiro ap\u00f3s a descarga. Basta instalar o dispensador do Kit ao lado do vaso sanit\u00e1rio e apertar duas vezes sua tecla antes de usar a privada. O No Smell cria uma pel\u00edcula bloqueadora que evita o mau cheiro. O Kit consiste em: dispensador com mangueira e ventosas, refil desodorizador, e adesivo de instru\u00e7\u00f5es de uso.<\/p>\n","protected":false},"featured_media":5210,"template":"","meta":[],"product_brand":[],"product_cat":[22],"product_tag":[83,162],"class_list":{"0":"post-5209","1":"product","2":"type-product","3":"status-publish","4":"has-post-thumbnail","6":"product_cat-banheiro","7":"product_tag-banheiro","8":"product_tag-higiene","10":"first","11":"instock","12":"shipping-taxable","13":"purchasable","14":"product-type-simple"},"jetpack_sharing_enabled":true,"_links":{"self":[{"href":"https:\/\/assulba.com.br\/index.php?rest_route=\/wp\/v2\/product\/5209","targetHints":{"allow":["GET"]}}],"collection":[{"href":"https:\/\/assulba.com.br\/index.php?rest_route=\/wp\/v2\/product"}],"about":[{"href":"https:\/\/assulba.com.br\/index.php?rest_route=\/wp\/v2\/types\/product"}],"wp:featuredmedia":[{"embeddable":true,"href":"https:\/\/assulba.com.br\/index.php?rest_route=\/wp\/v2\/media\/5210"}],"wp:attachment":[{"href":"https:\/\/assulba.com.br\/index.php?rest_route=%2Fwp%2Fv2%2Fmedia&parent=5209"}],"wp:term":[{"taxonomy":"product_brand","embeddable":true,"href":"https:\/\/assulba.com.br\/index.php?rest_route=%2Fwp%2Fv2%2Fproduct_brand&post=5209"},{"taxonomy":"product_cat","embeddable":true,"href":"https:\/\/assulba.com.br\/index.php?rest_route=%2Fwp%2Fv2%2Fproduct_cat&post=5209"},{"taxonomy":"product_tag","embeddable":true,"href":"https:\/\/assulba.com.br\/index.php?rest_route=%2Fwp%2Fv2%2Fproduct_tag&post=5209"}],"curies":[{"name":"wp","href":"https:\/\/api.w.org\/{rel}","templated":true}]}}