{"id":506,"date":"2017-11-13T19:17:37","date_gmt":"2017-11-13T22:17:37","guid":{"rendered":"http:\/\/assulba.com.br\/?post_type=product&#038;p=506"},"modified":"2024-03-17T01:02:30","modified_gmt":"2024-03-17T04:02:30","slug":"lixeira-inox-capsula","status":"publish","type":"product","link":"https:\/\/assulba.com.br\/?product=lixeira-inox-capsula","title":{"rendered":"LIXEIRAS INOX ARO PP, 15L, 20L, OU 31L, TRAMONTINA"},"content":{"rendered":"","protected":false},"excerpt":{"rendered":"<p>Produto: Lixeira com aramado interno para fixa\u00e7\u00e3o do saco de lixo. Indicada para uso tamb\u00e9m como cachep\u00f4.<br \/>\nMaterial: Fabricada em a\u00e7o inox com acabamento scotch brite e base e aro em polipropileno.<\/p>\n<p>Material A\u00e7o Inox AISI 430<br \/>\nAcabamento Scotch brite<br \/>\nEspessura 0,5mm<\/p>\n<hr \/>\n<p><strong>OP\u00c7\u00d5ES DE TAMANHOS<\/strong><br \/>\n10L (A 34cm; L 20cm; C 20cm)<br \/>\n40L (A 66cm; L 31cm; C 31cm)<\/p>\n","protected":false},"featured_media":9079,"template":"","meta":[],"product_brand":[],"product_cat":[21,314],"product_tag":[31,70],"class_list":{"0":"post-506","1":"product","2":"type-product","3":"status-publish","4":"has-post-thumbnail","6":"product_cat-cat_lixeiras","7":"product_cat-cat_lixeirainox","8":"product_tag-inox","9":"product_tag-lixeiras","11":"first","12":"instock","13":"shipping-taxable","14":"purchasable","15":"product-type-variable"},"jetpack_sharing_enabled":true,"_links":{"self":[{"href":"https:\/\/assulba.com.br\/index.php?rest_route=\/wp\/v2\/product\/506","targetHints":{"allow":["GET"]}}],"collection":[{"href":"https:\/\/assulba.com.br\/index.php?rest_route=\/wp\/v2\/product"}],"about":[{"href":"https:\/\/assulba.com.br\/index.php?rest_route=\/wp\/v2\/types\/product"}],"wp:featuredmedia":[{"embeddable":true,"href":"https:\/\/assulba.com.br\/index.php?rest_route=\/wp\/v2\/media\/9079"}],"wp:attachment":[{"href":"https:\/\/assulba.com.br\/index.php?rest_route=%2Fwp%2Fv2%2Fmedia&parent=506"}],"wp:term":[{"taxonomy":"product_brand","embeddable":true,"href":"https:\/\/assulba.com.br\/index.php?rest_route=%2Fwp%2Fv2%2Fproduct_brand&post=506"},{"taxonomy":"product_cat","embeddable":true,"href":"https:\/\/assulba.com.br\/index.php?rest_route=%2Fwp%2Fv2%2Fproduct_cat&post=506"},{"taxonomy":"product_tag","embeddable":true,"href":"https:\/\/assulba.com.br\/index.php?rest_route=%2Fwp%2Fv2%2Fproduct_tag&post=506"}],"curies":[{"name":"wp","href":"https:\/\/api.w.org\/{rel}","templated":true}]}}