{"id":4995,"date":"2019-12-22T23:45:46","date_gmt":"2019-12-23T02:45:46","guid":{"rendered":"https:\/\/assulba.sslblindado.com\/?post_type=product&#038;p=4995"},"modified":"2024-03-17T01:01:05","modified_gmt":"2024-03-17T04:01:05","slug":"oculos-de-seguranca-bulldog-incolor-vonder","status":"publish","type":"product","link":"https:\/\/assulba.com.br\/?product=oculos-de-seguranca-bulldog-incolor-vonder","title":{"rendered":"\u00d3CULOS DE SEGURAN\u00c7A FOXTER"},"content":{"rendered":"","protected":false},"excerpt":{"rendered":"<p>O \u00d3culos Foxter \u00e9 indicado para prote\u00e7\u00e3o dos olhos contra part\u00edculas no ambiente. Possui suporte pl\u00e1stico preto e lentes em policarbonato anti-risco. Prote\u00e7\u00e3o contra raios UVA e UVB. Est\u00e1 em acordo com a norma ANSI Z87.1 e com certificado 15007.<\/p>\n","protected":false},"featured_media":6120,"template":"","meta":[],"product_brand":[],"product_cat":[305],"product_tag":[127,136],"class_list":{"0":"post-4995","1":"product","2":"type-product","3":"status-publish","4":"has-post-thumbnail","6":"product_cat-cat_epi","7":"product_tag-seguranca","8":"product_tag-vonder","10":"first","11":"instock","12":"shipping-taxable","13":"purchasable","14":"product-type-simple"},"jetpack_sharing_enabled":true,"_links":{"self":[{"href":"https:\/\/assulba.com.br\/index.php?rest_route=\/wp\/v2\/product\/4995","targetHints":{"allow":["GET"]}}],"collection":[{"href":"https:\/\/assulba.com.br\/index.php?rest_route=\/wp\/v2\/product"}],"about":[{"href":"https:\/\/assulba.com.br\/index.php?rest_route=\/wp\/v2\/types\/product"}],"wp:featuredmedia":[{"embeddable":true,"href":"https:\/\/assulba.com.br\/index.php?rest_route=\/wp\/v2\/media\/6120"}],"wp:attachment":[{"href":"https:\/\/assulba.com.br\/index.php?rest_route=%2Fwp%2Fv2%2Fmedia&parent=4995"}],"wp:term":[{"taxonomy":"product_brand","embeddable":true,"href":"https:\/\/assulba.com.br\/index.php?rest_route=%2Fwp%2Fv2%2Fproduct_brand&post=4995"},{"taxonomy":"product_cat","embeddable":true,"href":"https:\/\/assulba.com.br\/index.php?rest_route=%2Fwp%2Fv2%2Fproduct_cat&post=4995"},{"taxonomy":"product_tag","embeddable":true,"href":"https:\/\/assulba.com.br\/index.php?rest_route=%2Fwp%2Fv2%2Fproduct_tag&post=4995"}],"curies":[{"name":"wp","href":"https:\/\/api.w.org\/{rel}","templated":true}]}}