{"id":498,"date":"2017-11-13T19:04:53","date_gmt":"2017-11-13T22:04:53","guid":{"rendered":"http:\/\/assulba.com.br\/?post_type=product&#038;p=498"},"modified":"2024-03-17T01:02:30","modified_gmt":"2024-03-17T04:02:30","slug":"garra-euro","status":"publish","type":"product","link":"https:\/\/assulba.com.br\/?product=garra-euro","title":{"rendered":"Mop \u00famido garra euro Bralimpia"},"content":{"rendered":"","protected":false},"excerpt":{"rendered":"<p>REF. 4011<\/p>\n<p>HASTE EURO \u2013 GARRA PL\u00c1STICA<br \/>\nA Haste Euro \u00e9 um acess\u00f3rio para fixar o refil de tecido que ser\u00e1 utilizado para limpeza de pisos. \u00c9 produzida em polipropileno com trava para refis em poliacetal e \u00e9\u00a0\u00a0apresentada em 04 cores: Azul, Vermelho, Amarelo e Verde. Este acess\u00f3rio deve ser acoplado a um Cabo de Alum\u00ednio. A Haste Euro Pl\u00e1stica e o Cabo de Alum\u00ednio ser\u00e3o utilizados em conjunto com o Balde Espremedor para a limpeza de pisos.<\/p>\n<p><iframe loading=\"lazy\" width=\"560\" height=\"315\" src=\"https:\/\/www.youtube-nocookie.com\/embed\/k6qVFKq7cHI\" title=\"YouTube video player\" frameborder=\"0\" allow=\"accelerometer; autoplay; clipboard-write; encrypted-media; gyroscope; picture-in-picture\" allowfullscreen><\/iframe><\/p>\n","protected":false},"featured_media":1613,"template":"","meta":[],"product_brand":[],"product_cat":[135,310],"product_tag":[131,27,110,130],"class_list":{"0":"post-498","1":"product","2":"type-product","3":"status-publish","4":"has-post-thumbnail","6":"product_cat-cat_limpeza","7":"product_cat-cat_limpeza_umida","8":"product_tag-bralimpia","9":"product_tag-limpeza","10":"product_tag-mops","11":"product_tag-suportes","13":"first","14":"instock","15":"shipping-taxable","16":"purchasable","17":"product-type-simple"},"jetpack_sharing_enabled":true,"_links":{"self":[{"href":"https:\/\/assulba.com.br\/index.php?rest_route=\/wp\/v2\/product\/498","targetHints":{"allow":["GET"]}}],"collection":[{"href":"https:\/\/assulba.com.br\/index.php?rest_route=\/wp\/v2\/product"}],"about":[{"href":"https:\/\/assulba.com.br\/index.php?rest_route=\/wp\/v2\/types\/product"}],"wp:featuredmedia":[{"embeddable":true,"href":"https:\/\/assulba.com.br\/index.php?rest_route=\/wp\/v2\/media\/1613"}],"wp:attachment":[{"href":"https:\/\/assulba.com.br\/index.php?rest_route=%2Fwp%2Fv2%2Fmedia&parent=498"}],"wp:term":[{"taxonomy":"product_brand","embeddable":true,"href":"https:\/\/assulba.com.br\/index.php?rest_route=%2Fwp%2Fv2%2Fproduct_brand&post=498"},{"taxonomy":"product_cat","embeddable":true,"href":"https:\/\/assulba.com.br\/index.php?rest_route=%2Fwp%2Fv2%2Fproduct_cat&post=498"},{"taxonomy":"product_tag","embeddable":true,"href":"https:\/\/assulba.com.br\/index.php?rest_route=%2Fwp%2Fv2%2Fproduct_tag&post=498"}],"curies":[{"name":"wp","href":"https:\/\/api.w.org\/{rel}","templated":true}]}}