{"id":492,"date":"2017-11-13T19:00:13","date_gmt":"2017-11-13T22:00:13","guid":{"rendered":"http:\/\/assulba.com.br\/?post_type=product&#038;p=492"},"modified":"2024-03-17T01:02:30","modified_gmt":"2024-03-17T04:02:30","slug":"pa-coletora-plastica-3","status":"publish","type":"product","link":"https:\/\/assulba.com.br\/?product=pa-coletora-plastica-3","title":{"rendered":"P\u00c1 COLETORA COM TAMPA BRALIMPIA"},"content":{"rendered":"","protected":false},"excerpt":{"rendered":"<p>A P\u00e1 Coletora azul com tampa. Cabo em alum\u00ednio e corpo em polipropileno com l\u00e2mina de borracha na extremidade. Comprimento do cabo proporciona boa ergonomia para o operador. Indicada para \u00e1reas internas e externas. Possui fixador para Vassoura Mini (adquirida separadamente).<\/p>\n<p>OBS: A Vassoura Mini da ilustra\u00e7\u00e3o \u00e9 adquirida separadamente.<\/p>\n<p>Comp.:\u00a029 cm<br \/>\nLargura:\u00a029 cm<br \/>\nAltura:\u00a014 cm<br \/>\nCabo:\u00a070 cm<br \/>\nPeso:\u00a00,900 kg<\/p>\n","protected":false},"featured_media":8777,"template":"","meta":[],"product_brand":[],"product_cat":[135,309],"product_tag":[131,27],"class_list":{"0":"post-492","1":"product","2":"type-product","3":"status-publish","4":"has-post-thumbnail","6":"product_cat-cat_limpeza","7":"product_cat-cat_limpeza_seca","8":"product_tag-bralimpia","9":"product_tag-limpeza","11":"first","12":"instock","13":"shipping-taxable","14":"purchasable","15":"product-type-simple"},"jetpack_sharing_enabled":true,"_links":{"self":[{"href":"https:\/\/assulba.com.br\/index.php?rest_route=\/wp\/v2\/product\/492","targetHints":{"allow":["GET"]}}],"collection":[{"href":"https:\/\/assulba.com.br\/index.php?rest_route=\/wp\/v2\/product"}],"about":[{"href":"https:\/\/assulba.com.br\/index.php?rest_route=\/wp\/v2\/types\/product"}],"wp:featuredmedia":[{"embeddable":true,"href":"https:\/\/assulba.com.br\/index.php?rest_route=\/wp\/v2\/media\/8777"}],"wp:attachment":[{"href":"https:\/\/assulba.com.br\/index.php?rest_route=%2Fwp%2Fv2%2Fmedia&parent=492"}],"wp:term":[{"taxonomy":"product_brand","embeddable":true,"href":"https:\/\/assulba.com.br\/index.php?rest_route=%2Fwp%2Fv2%2Fproduct_brand&post=492"},{"taxonomy":"product_cat","embeddable":true,"href":"https:\/\/assulba.com.br\/index.php?rest_route=%2Fwp%2Fv2%2Fproduct_cat&post=492"},{"taxonomy":"product_tag","embeddable":true,"href":"https:\/\/assulba.com.br\/index.php?rest_route=%2Fwp%2Fv2%2Fproduct_tag&post=492"}],"curies":[{"name":"wp","href":"https:\/\/api.w.org\/{rel}","templated":true}]}}