{"id":4791,"date":"2019-11-09T18:56:45","date_gmt":"2019-11-09T18:56:45","guid":{"rendered":"https:\/\/assulba.com.br\/?post_type=product&#038;p=4791"},"modified":"2024-03-17T01:01:06","modified_gmt":"2024-03-17T04:01:06","slug":"toalheiro-interfolhas-new-classic-nobre","status":"publish","type":"product","link":"https:\/\/assulba.com.br\/?product=toalheiro-interfolhas-new-classic-nobre","title":{"rendered":"Toalheiro Interfolhas New Classic Nobre"},"content":{"rendered":"","protected":false},"excerpt":{"rendered":"<p>O toalheiro para papel interfolhas proporciona uma folha por vez e s\u00e3o retiradas conforme a necessidade. S\u00e3o extremamente pr\u00e1ticos e oferecem um excelente custo-benef\u00edcio ao consumidor. Atendem muito bem a necessidade de cozinhas e banheiros, e s\u00e3o ideais para serem instalados pr\u00f3ximos a churrasqueiras.<\/p>\n<p>Compre seus dispensadores com a Nobre e tenha a disponibilidade de pe\u00e7as de reposi\u00e7\u00e3o facilmente, para que voc\u00ea consiga fazer a troca ou manuten\u00e7\u00e3o do seu produto da forma mais \u00e1gil poss\u00edvel.<\/p>\n<p>A abertura e o fechamento desses produtos s\u00e3o feitos por meio de uma chave, ou de um bot\u00e3o lateral que abre o dispositivo.<\/p>\n","protected":false},"featured_media":4792,"template":"","meta":[],"product_brand":[],"product_cat":[22],"product_tag":[83,91,164,163],"class_list":{"0":"post-4791","1":"product","2":"type-product","3":"status-publish","4":"has-post-thumbnail","6":"product_cat-banheiro","7":"product_tag-banheiro","8":"product_tag-dispenser","9":"product_tag-nobre","10":"product_tag-toalha","12":"first","13":"instock","14":"shipping-taxable","15":"purchasable","16":"product-type-simple"},"jetpack_sharing_enabled":true,"_links":{"self":[{"href":"https:\/\/assulba.com.br\/index.php?rest_route=\/wp\/v2\/product\/4791","targetHints":{"allow":["GET"]}}],"collection":[{"href":"https:\/\/assulba.com.br\/index.php?rest_route=\/wp\/v2\/product"}],"about":[{"href":"https:\/\/assulba.com.br\/index.php?rest_route=\/wp\/v2\/types\/product"}],"wp:featuredmedia":[{"embeddable":true,"href":"https:\/\/assulba.com.br\/index.php?rest_route=\/wp\/v2\/media\/4792"}],"wp:attachment":[{"href":"https:\/\/assulba.com.br\/index.php?rest_route=%2Fwp%2Fv2%2Fmedia&parent=4791"}],"wp:term":[{"taxonomy":"product_brand","embeddable":true,"href":"https:\/\/assulba.com.br\/index.php?rest_route=%2Fwp%2Fv2%2Fproduct_brand&post=4791"},{"taxonomy":"product_cat","embeddable":true,"href":"https:\/\/assulba.com.br\/index.php?rest_route=%2Fwp%2Fv2%2Fproduct_cat&post=4791"},{"taxonomy":"product_tag","embeddable":true,"href":"https:\/\/assulba.com.br\/index.php?rest_route=%2Fwp%2Fv2%2Fproduct_tag&post=4791"}],"curies":[{"name":"wp","href":"https:\/\/api.w.org\/{rel}","templated":true}]}}