{"id":4784,"date":"2019-11-09T17:25:13","date_gmt":"2019-11-09T20:25:13","guid":{"rendered":"https:\/\/assulba.com.br\/?post_type=product&#038;p=4784"},"modified":"2024-03-17T01:01:06","modified_gmt":"2024-03-17T04:01:06","slug":"suporte-para-mop-umido-nobre","status":"publish","type":"product","link":"https:\/\/assulba.com.br\/?product=suporte-para-mop-umido-nobre","title":{"rendered":"Suporte para Mop \u00damido NOBRE"},"content":{"rendered":"","protected":false},"excerpt":{"rendered":"<p>O mop \u00famido \u00e9 uma ferramenta para ser trabalhada de forma \u00famida, ou seja, com o uso de \u00e1gua e produtos qu\u00edmicos. Seu grande diferencial est\u00e1 no fato de voc\u00ea n\u00e3o precisar entrar em contato com a \u00e1gua suja quando estiver lavando uma superf\u00edcie. \u00c9 extremamente higi\u00eanico e pr\u00e1tico de usar.<\/p>\n<p>O mop \u00famido foi produzido para trabalhar em limpezas \u00famidas. Desenvolvidos em refis de algod\u00e3o e microfibra. Como ele n\u00e3o vem completo, \u00e9 necess\u00e1rio a compra das pe\u00e7as separadas. Por isso \u00e9 importante que voc\u00ea compre um suporte para mop de qualidade.<\/p>\n","protected":false},"featured_media":4786,"template":"","meta":[],"product_brand":[],"product_cat":[135,310],"product_tag":[27,110,164],"class_list":{"0":"post-4784","1":"product","2":"type-product","3":"status-publish","4":"has-post-thumbnail","6":"product_cat-cat_limpeza","7":"product_cat-cat_limpeza_umida","8":"product_tag-limpeza","9":"product_tag-mops","10":"product_tag-nobre","12":"first","13":"instock","14":"shipping-taxable","15":"purchasable","16":"product-type-simple"},"jetpack_sharing_enabled":true,"_links":{"self":[{"href":"https:\/\/assulba.com.br\/index.php?rest_route=\/wp\/v2\/product\/4784","targetHints":{"allow":["GET"]}}],"collection":[{"href":"https:\/\/assulba.com.br\/index.php?rest_route=\/wp\/v2\/product"}],"about":[{"href":"https:\/\/assulba.com.br\/index.php?rest_route=\/wp\/v2\/types\/product"}],"wp:featuredmedia":[{"embeddable":true,"href":"https:\/\/assulba.com.br\/index.php?rest_route=\/wp\/v2\/media\/4786"}],"wp:attachment":[{"href":"https:\/\/assulba.com.br\/index.php?rest_route=%2Fwp%2Fv2%2Fmedia&parent=4784"}],"wp:term":[{"taxonomy":"product_brand","embeddable":true,"href":"https:\/\/assulba.com.br\/index.php?rest_route=%2Fwp%2Fv2%2Fproduct_brand&post=4784"},{"taxonomy":"product_cat","embeddable":true,"href":"https:\/\/assulba.com.br\/index.php?rest_route=%2Fwp%2Fv2%2Fproduct_cat&post=4784"},{"taxonomy":"product_tag","embeddable":true,"href":"https:\/\/assulba.com.br\/index.php?rest_route=%2Fwp%2Fv2%2Fproduct_tag&post=4784"}],"curies":[{"name":"wp","href":"https:\/\/api.w.org\/{rel}","templated":true}]}}