{"id":4749,"date":"2019-11-03T23:53:45","date_gmt":"2019-11-04T02:53:45","guid":{"rendered":"https:\/\/assulba.com.br\/?post_type=product&#038;p=4749"},"modified":"2024-03-17T01:01:06","modified_gmt":"2024-03-17T04:01:06","slug":"filtro-cartucho-para-aspirador-karcher","status":"publish","type":"product","link":"https:\/\/assulba.com.br\/?product=filtro-cartucho-para-aspirador-karcher","title":{"rendered":"FILTRO CARTUCHO PARA ASPIRADOR KARCHER"},"content":{"rendered":"","protected":false},"excerpt":{"rendered":"<p>Possui uma capacidade superior de prote\u00e7\u00e3o da turbina, retendo at\u00e9 mesmo as menores part\u00edculas, sendo 5 vezes mais eficiente que o filtro permanente. Pode ser utilizado para suc\u00e7\u00e3o de l\u00edquidos e p\u00f3s.<\/p>\n<p>M\u00e1quinas compat\u00edveis:<br \/>\nAspirador de p\u00f3 e l\u00edquidos NT 20\/1 <\/p>\n","protected":false},"featured_media":4750,"template":"","meta":[],"product_brand":[],"product_cat":[135,309],"product_tag":[57,25,27],"class_list":{"0":"post-4749","1":"product","2":"type-product","3":"status-publish","4":"has-post-thumbnail","6":"product_cat-cat_limpeza","7":"product_cat-cat_limpeza_seca","8":"product_tag-eletrico","9":"product_tag-karcher","10":"product_tag-limpeza","12":"first","13":"instock","14":"shipping-taxable","15":"purchasable","16":"product-type-simple"},"jetpack_sharing_enabled":true,"_links":{"self":[{"href":"https:\/\/assulba.com.br\/index.php?rest_route=\/wp\/v2\/product\/4749","targetHints":{"allow":["GET"]}}],"collection":[{"href":"https:\/\/assulba.com.br\/index.php?rest_route=\/wp\/v2\/product"}],"about":[{"href":"https:\/\/assulba.com.br\/index.php?rest_route=\/wp\/v2\/types\/product"}],"wp:featuredmedia":[{"embeddable":true,"href":"https:\/\/assulba.com.br\/index.php?rest_route=\/wp\/v2\/media\/4750"}],"wp:attachment":[{"href":"https:\/\/assulba.com.br\/index.php?rest_route=%2Fwp%2Fv2%2Fmedia&parent=4749"}],"wp:term":[{"taxonomy":"product_brand","embeddable":true,"href":"https:\/\/assulba.com.br\/index.php?rest_route=%2Fwp%2Fv2%2Fproduct_brand&post=4749"},{"taxonomy":"product_cat","embeddable":true,"href":"https:\/\/assulba.com.br\/index.php?rest_route=%2Fwp%2Fv2%2Fproduct_cat&post=4749"},{"taxonomy":"product_tag","embeddable":true,"href":"https:\/\/assulba.com.br\/index.php?rest_route=%2Fwp%2Fv2%2Fproduct_tag&post=4749"}],"curies":[{"name":"wp","href":"https:\/\/api.w.org\/{rel}","templated":true}]}}