{"id":463,"date":"2017-11-13T18:35:24","date_gmt":"2017-11-13T18:35:24","guid":{"rendered":"http:\/\/assulba.com.br\/?post_type=product&#038;p=463"},"modified":"2024-03-17T01:03:12","modified_gmt":"2024-03-17T04:03:12","slug":"cadeira-com-braco","status":"publish","type":"product","link":"https:\/\/assulba.com.br\/?product=cadeira-com-braco","title":{"rendered":"Cadeira com bra\u00e7os Iguap\u00e9 Tramontina"},"content":{"rendered":"","protected":false},"excerpt":{"rendered":"<p>REF. 1433<\/p>\n<p>Como o pr\u00f3prio nome j\u00e1 diz, a linha Basic da Tramontina \u00e9 uma linha \u00edntima, pois tem como objetivo compor qualquer ambiente seja ele externo ou interno. Visando conforto e tornando a pe\u00e7a aconchegante.<\/p>\n<p>Feito em polipropileno.<br \/>\nPeso 2,10 kg<br \/>\nComprimento 530 mm<br \/>\nLargura 500 mm<br \/>\nAltura 720 mm<br \/>\nGarantia 1 ano<\/p>\n","protected":false},"featured_media":4512,"template":"","meta":[],"product_brand":[],"product_cat":[159],"product_tag":[64],"class_list":{"0":"post-463","1":"product","2":"type-product","3":"status-publish","4":"has-post-thumbnail","6":"product_cat-cat_moveis_play","7":"product_tag-moveis","9":"first","10":"instock","11":"shipping-taxable","12":"purchasable","13":"product-type-simple"},"jetpack_sharing_enabled":true,"_links":{"self":[{"href":"https:\/\/assulba.com.br\/index.php?rest_route=\/wp\/v2\/product\/463","targetHints":{"allow":["GET"]}}],"collection":[{"href":"https:\/\/assulba.com.br\/index.php?rest_route=\/wp\/v2\/product"}],"about":[{"href":"https:\/\/assulba.com.br\/index.php?rest_route=\/wp\/v2\/types\/product"}],"wp:featuredmedia":[{"embeddable":true,"href":"https:\/\/assulba.com.br\/index.php?rest_route=\/wp\/v2\/media\/4512"}],"wp:attachment":[{"href":"https:\/\/assulba.com.br\/index.php?rest_route=%2Fwp%2Fv2%2Fmedia&parent=463"}],"wp:term":[{"taxonomy":"product_brand","embeddable":true,"href":"https:\/\/assulba.com.br\/index.php?rest_route=%2Fwp%2Fv2%2Fproduct_brand&post=463"},{"taxonomy":"product_cat","embeddable":true,"href":"https:\/\/assulba.com.br\/index.php?rest_route=%2Fwp%2Fv2%2Fproduct_cat&post=463"},{"taxonomy":"product_tag","embeddable":true,"href":"https:\/\/assulba.com.br\/index.php?rest_route=%2Fwp%2Fv2%2Fproduct_tag&post=463"}],"curies":[{"name":"wp","href":"https:\/\/api.w.org\/{rel}","templated":true}]}}