{"id":461,"date":"2017-11-13T18:34:19","date_gmt":"2017-11-13T18:34:19","guid":{"rendered":"http:\/\/assulba.com.br\/?post_type=product&#038;p=461"},"modified":"2024-03-17T01:03:12","modified_gmt":"2024-03-17T04:03:12","slug":"cadeira-sem-braco","status":"publish","type":"product","link":"https:\/\/assulba.com.br\/?product=cadeira-sem-braco","title":{"rendered":"Cadeira sem bra\u00e7os Atl\u00e2ntida Tramontina"},"content":{"rendered":"","protected":false},"excerpt":{"rendered":"<p>REF. 1434<\/p>\n<p>Como extens\u00e3o da linha Basic, temos as cadeiras sem bra\u00e7os, por\u00e9m t\u00e3o confort\u00e1veis quanto \u00e0s de bra\u00e7os, mas com um design diferente. Nessa linha temos diversos modelos de encostos, um mais encantador que o outro.<\/p>\n<p>Feito em polipropileno.<br \/>\nPeso 2,20 kg<br \/>\nComprimento 510 mm<br \/>\nLargura 430 mm<br \/>\nAltura 890 mm<br \/>\nGarantia 1 ano<\/p>\n","protected":false},"featured_media":4513,"template":"","meta":[],"product_brand":[],"product_cat":[159],"product_tag":[64],"class_list":{"0":"post-461","1":"product","2":"type-product","3":"status-publish","4":"has-post-thumbnail","6":"product_cat-cat_moveis_play","7":"product_tag-moveis","9":"first","10":"instock","11":"shipping-taxable","12":"purchasable","13":"product-type-simple"},"jetpack_sharing_enabled":true,"_links":{"self":[{"href":"https:\/\/assulba.com.br\/index.php?rest_route=\/wp\/v2\/product\/461","targetHints":{"allow":["GET"]}}],"collection":[{"href":"https:\/\/assulba.com.br\/index.php?rest_route=\/wp\/v2\/product"}],"about":[{"href":"https:\/\/assulba.com.br\/index.php?rest_route=\/wp\/v2\/types\/product"}],"wp:featuredmedia":[{"embeddable":true,"href":"https:\/\/assulba.com.br\/index.php?rest_route=\/wp\/v2\/media\/4513"}],"wp:attachment":[{"href":"https:\/\/assulba.com.br\/index.php?rest_route=%2Fwp%2Fv2%2Fmedia&parent=461"}],"wp:term":[{"taxonomy":"product_brand","embeddable":true,"href":"https:\/\/assulba.com.br\/index.php?rest_route=%2Fwp%2Fv2%2Fproduct_brand&post=461"},{"taxonomy":"product_cat","embeddable":true,"href":"https:\/\/assulba.com.br\/index.php?rest_route=%2Fwp%2Fv2%2Fproduct_cat&post=461"},{"taxonomy":"product_tag","embeddable":true,"href":"https:\/\/assulba.com.br\/index.php?rest_route=%2Fwp%2Fv2%2Fproduct_tag&post=461"}],"curies":[{"name":"wp","href":"https:\/\/api.w.org\/{rel}","templated":true}]}}