{"id":426,"date":"2017-11-13T19:44:47","date_gmt":"2017-11-13T19:44:47","guid":{"rendered":"http:\/\/assulba.com.br\/?post_type=product&#038;p=426"},"modified":"2024-03-17T01:02:29","modified_gmt":"2024-03-17T04:02:29","slug":"carro-vertical-12x2l","status":"publish","type":"product","link":"https:\/\/assulba.com.br\/?product=carro-vertical-12x2l","title":{"rendered":"Carrinho de compras Siris 25"},"content":{"rendered":"","protected":false},"excerpt":{"rendered":"<p>O carrinho de compras Siris 25 n\u00e3o enferruja e nem perde o brilho. Produzido em material especial com \u00f3tima resist\u00eancia aos raios UV e demais agentes atmosf\u00e9ricos. N\u00e3o apresenta trincas, ranhuras ou desbotamento de cores. Maior resist\u00eancia a choques e n\u00e3o danifica paredes e elevadores. Rod\u00edzios m\u00f3veis, com travamento para esteira rolante.<\/p>\n<p>Cores:<br \/>\nEstrutura preta<br \/>\nCestos azuis ou verdes<\/p>\n<p><iframe loading=\"lazy\" width=\"560\" height=\"315\" src=\"https:\/\/www.youtube-nocookie.com\/embed\/HddWsrnt-co?controls=0\" title=\"YouTube video player\" frameborder=\"0\" allow=\"accelerometer; autoplay; clipboard-write; encrypted-media; gyroscope; picture-in-picture\" allowfullscreen><\/iframe><\/p>\n","protected":false},"featured_media":7065,"template":"","meta":[],"product_brand":[],"product_cat":[20],"product_tag":[54,61],"class_list":{"0":"post-426","1":"product","2":"type-product","3":"status-publish","4":"has-post-thumbnail","6":"product_cat-cat_logistica","7":"product_tag-carrinho","8":"product_tag-carrinho-de-compras","10":"first","11":"instock","12":"shipping-taxable","13":"purchasable","14":"product-type-simple"},"jetpack_sharing_enabled":true,"_links":{"self":[{"href":"https:\/\/assulba.com.br\/index.php?rest_route=\/wp\/v2\/product\/426","targetHints":{"allow":["GET"]}}],"collection":[{"href":"https:\/\/assulba.com.br\/index.php?rest_route=\/wp\/v2\/product"}],"about":[{"href":"https:\/\/assulba.com.br\/index.php?rest_route=\/wp\/v2\/types\/product"}],"wp:featuredmedia":[{"embeddable":true,"href":"https:\/\/assulba.com.br\/index.php?rest_route=\/wp\/v2\/media\/7065"}],"wp:attachment":[{"href":"https:\/\/assulba.com.br\/index.php?rest_route=%2Fwp%2Fv2%2Fmedia&parent=426"}],"wp:term":[{"taxonomy":"product_brand","embeddable":true,"href":"https:\/\/assulba.com.br\/index.php?rest_route=%2Fwp%2Fv2%2Fproduct_brand&post=426"},{"taxonomy":"product_cat","embeddable":true,"href":"https:\/\/assulba.com.br\/index.php?rest_route=%2Fwp%2Fv2%2Fproduct_cat&post=426"},{"taxonomy":"product_tag","embeddable":true,"href":"https:\/\/assulba.com.br\/index.php?rest_route=%2Fwp%2Fv2%2Fproduct_tag&post=426"}],"curies":[{"name":"wp","href":"https:\/\/api.w.org\/{rel}","templated":true}]}}