{"id":3261,"date":"2019-04-01T00:39:54","date_gmt":"2019-04-01T03:39:54","guid":{"rendered":"http:\/\/assulba.com.br\/?post_type=product&#038;p=3261"},"modified":"2024-03-17T01:01:55","modified_gmt":"2024-03-17T04:01:55","slug":"espanador-eletrostatico-azul-bralimpia","status":"publish","type":"product","link":"https:\/\/assulba.com.br\/?product=espanador-eletrostatico-azul-bralimpia","title":{"rendered":"ESPANADOR ELETROST\u00c1TICO AZUL BRALIMPIA"},"content":{"rendered":"","protected":false},"excerpt":{"rendered":"<p>REF 6552<\/p>\n<p>O Espanador Eletrost\u00e1tico possui luva Refil \u00e9 confeccionada com fios 100% acr\u00edlicos, os quais  permitem recolher o p\u00f3 sem espalha-lo, para  depois descart\u00e1-lo em local apropriado. Lav\u00e1vel, tem excelente durabilidade e n\u00e3o perde sua capacidade de limpeza depois de ter sido higienizado em \u00e1gua. Seu cabo \u00e9 Confeccionado em polietileno de alta densidade, seu formato ergon\u00f4mico e leve confere ao usu\u00e1rio facilidade para manuse\u00e1-lo.<\/p>\n<p>Espanador: Largura 19 cm; Altura 47 cm<br \/>\nRefil Sint\u00e9tico: Largura 6 cm; Altura 36 cm\t<\/p>\n","protected":false},"featured_media":7670,"template":"","meta":[],"product_brand":[],"product_cat":[135,309],"product_tag":[131,27],"class_list":{"0":"post-3261","1":"product","2":"type-product","3":"status-publish","4":"has-post-thumbnail","6":"product_cat-cat_limpeza","7":"product_cat-cat_limpeza_seca","8":"product_tag-bralimpia","9":"product_tag-limpeza","11":"first","12":"instock","13":"shipping-taxable","14":"purchasable","15":"product-type-simple"},"jetpack_sharing_enabled":true,"_links":{"self":[{"href":"https:\/\/assulba.com.br\/index.php?rest_route=\/wp\/v2\/product\/3261","targetHints":{"allow":["GET"]}}],"collection":[{"href":"https:\/\/assulba.com.br\/index.php?rest_route=\/wp\/v2\/product"}],"about":[{"href":"https:\/\/assulba.com.br\/index.php?rest_route=\/wp\/v2\/types\/product"}],"wp:featuredmedia":[{"embeddable":true,"href":"https:\/\/assulba.com.br\/index.php?rest_route=\/wp\/v2\/media\/7670"}],"wp:attachment":[{"href":"https:\/\/assulba.com.br\/index.php?rest_route=%2Fwp%2Fv2%2Fmedia&parent=3261"}],"wp:term":[{"taxonomy":"product_brand","embeddable":true,"href":"https:\/\/assulba.com.br\/index.php?rest_route=%2Fwp%2Fv2%2Fproduct_brand&post=3261"},{"taxonomy":"product_cat","embeddable":true,"href":"https:\/\/assulba.com.br\/index.php?rest_route=%2Fwp%2Fv2%2Fproduct_cat&post=3261"},{"taxonomy":"product_tag","embeddable":true,"href":"https:\/\/assulba.com.br\/index.php?rest_route=%2Fwp%2Fv2%2Fproduct_tag&post=3261"}],"curies":[{"name":"wp","href":"https:\/\/api.w.org\/{rel}","templated":true}]}}