{"id":3068,"date":"2018-08-09T15:35:24","date_gmt":"2018-08-09T18:35:24","guid":{"rendered":"http:\/\/assulba.com.br\/?post_type=product&#038;p=3068"},"modified":"2024-03-17T01:01:56","modified_gmt":"2024-03-17T04:01:56","slug":"lixeira-inox-tampa-basculante-2817l-brinox","status":"publish","type":"product","link":"https:\/\/assulba.com.br\/?product=lixeira-inox-tampa-basculante-2817l-brinox","title":{"rendered":"LIXEIRAS INOX BASCULANTE, 21L, 28L, 40L, OU 47L BRINOX"},"content":{"rendered":"","protected":false},"excerpt":{"rendered":"<p>Corpo em a\u00e7o inox com acabamento alto brilho n\u00e3o apresenta porosidades, o que evita o ac\u00famulo de res\u00edduos e facilita a limpeza. A tampa basculante f\u00e1cil de usar e resistente. Fundo pl\u00e1stico que protege a lixeira e garante longa vida \u00fatil ao produto.<\/p>\n<hr \/>\n<p><strong>OP\u00c7\u00d5ES DE TAMANHOS<\/strong><br \/>\n8L (A 29cm; L 19cm; C 19cm)<br \/>\n21L (A 46cm; L 25cm; C 25cm)<br \/>\n28L (A 60cm; L 25cm; C 25cm)<br \/>\n40L (A 60cm; L 30cm; C 30cm)<br \/>\n47L (A 70cm; L 30cm; C 30cm)<\/p>\n","protected":false},"featured_media":5808,"template":"","meta":[],"product_brand":[],"product_cat":[21,314],"product_tag":[141,140,31,70],"class_list":{"0":"post-3068","1":"product","2":"type-product","3":"status-publish","4":"has-post-thumbnail","6":"product_cat-cat_lixeiras","7":"product_cat-cat_lixeirainox","8":"product_tag-basculante","9":"product_tag-brinox","10":"product_tag-inox","11":"product_tag-lixeiras","13":"first","14":"instock","15":"shipping-taxable","16":"purchasable","17":"product-type-variable"},"jetpack_sharing_enabled":true,"_links":{"self":[{"href":"https:\/\/assulba.com.br\/index.php?rest_route=\/wp\/v2\/product\/3068","targetHints":{"allow":["GET"]}}],"collection":[{"href":"https:\/\/assulba.com.br\/index.php?rest_route=\/wp\/v2\/product"}],"about":[{"href":"https:\/\/assulba.com.br\/index.php?rest_route=\/wp\/v2\/types\/product"}],"wp:featuredmedia":[{"embeddable":true,"href":"https:\/\/assulba.com.br\/index.php?rest_route=\/wp\/v2\/media\/5808"}],"wp:attachment":[{"href":"https:\/\/assulba.com.br\/index.php?rest_route=%2Fwp%2Fv2%2Fmedia&parent=3068"}],"wp:term":[{"taxonomy":"product_brand","embeddable":true,"href":"https:\/\/assulba.com.br\/index.php?rest_route=%2Fwp%2Fv2%2Fproduct_brand&post=3068"},{"taxonomy":"product_cat","embeddable":true,"href":"https:\/\/assulba.com.br\/index.php?rest_route=%2Fwp%2Fv2%2Fproduct_cat&post=3068"},{"taxonomy":"product_tag","embeddable":true,"href":"https:\/\/assulba.com.br\/index.php?rest_route=%2Fwp%2Fv2%2Fproduct_tag&post=3068"}],"curies":[{"name":"wp","href":"https:\/\/api.w.org\/{rel}","templated":true}]}}