{"id":2601,"date":"2018-04-22T23:43:39","date_gmt":"2018-04-23T02:43:39","guid":{"rendered":"http:\/\/assulba.com.br\/?post_type=product&#038;p=2601"},"modified":"2024-09-07T18:38:49","modified_gmt":"2024-09-07T21:38:49","slug":"dispensador-bobina-puxe-e-corte","status":"publish","type":"product","link":"https:\/\/assulba.com.br\/?product=dispensador-bobina-puxe-e-corte","title":{"rendered":"DISPENSADOR AUTO CORTANTE PARA PAPEL TOALHA BOBINA EXACCTA"},"content":{"rendered":"","protected":false},"excerpt":{"rendered":"<p>Dispensador auto corte para papel toalha bobina. Produto em pl\u00e1stico ABS branco com cobertura na tampa em pl\u00e1stico transparente. O sistema auto cortante impede que o papel seja puxado continuamente, evitando o desperd\u00edcio e reduzindo os custos.<\/p>\n<p>Altura: 380mm<br \/>\nLargura: 300mm<br \/>\nProfundidade: 190mm<br \/>\nPeso do dispensador:2,122 Kg<br \/>\nMaterial do Dispensador: Pl\u00e1stico ABS<br \/>\nSistema de Abertura e Fechamento com chave<\/p>\n<p>Pap\u00e9is Utilizados:<br \/>\n20 cm x 100 metros<br \/>\n20 cm x 200 metros<br \/>\nDi\u00e2metro m\u00e1ximo da bobina: 170 mm<\/p>\n<p>Instala\u00e7\u00e3o:<br \/>\nBuchas e parafusos (inclu\u00eddos)<\/p>\n","protected":false},"featured_media":9580,"template":"","meta":[],"product_brand":[],"product_cat":[22],"product_tag":[83,91],"class_list":{"0":"post-2601","1":"product","2":"type-product","3":"status-publish","4":"has-post-thumbnail","6":"product_cat-banheiro","7":"product_tag-banheiro","8":"product_tag-dispenser","10":"first","11":"instock","12":"featured","13":"shipping-taxable","14":"purchasable","15":"product-type-simple"},"jetpack_sharing_enabled":true,"_links":{"self":[{"href":"https:\/\/assulba.com.br\/index.php?rest_route=\/wp\/v2\/product\/2601","targetHints":{"allow":["GET"]}}],"collection":[{"href":"https:\/\/assulba.com.br\/index.php?rest_route=\/wp\/v2\/product"}],"about":[{"href":"https:\/\/assulba.com.br\/index.php?rest_route=\/wp\/v2\/types\/product"}],"wp:featuredmedia":[{"embeddable":true,"href":"https:\/\/assulba.com.br\/index.php?rest_route=\/wp\/v2\/media\/9580"}],"wp:attachment":[{"href":"https:\/\/assulba.com.br\/index.php?rest_route=%2Fwp%2Fv2%2Fmedia&parent=2601"}],"wp:term":[{"taxonomy":"product_brand","embeddable":true,"href":"https:\/\/assulba.com.br\/index.php?rest_route=%2Fwp%2Fv2%2Fproduct_brand&post=2601"},{"taxonomy":"product_cat","embeddable":true,"href":"https:\/\/assulba.com.br\/index.php?rest_route=%2Fwp%2Fv2%2Fproduct_cat&post=2601"},{"taxonomy":"product_tag","embeddable":true,"href":"https:\/\/assulba.com.br\/index.php?rest_route=%2Fwp%2Fv2%2Fproduct_tag&post=2601"}],"curies":[{"name":"wp","href":"https:\/\/api.w.org\/{rel}","templated":true}]}}