{"id":2149,"date":"2018-01-08T17:44:12","date_gmt":"2018-01-08T20:44:12","guid":{"rendered":"http:\/\/assulba.com.br\/?post_type=product&#038;p=2149"},"modified":"2024-03-17T01:01:57","modified_gmt":"2024-03-17T04:01:57","slug":"limpeza-cabo-extensao-telescopica","status":"publish","type":"product","link":"https:\/\/assulba.com.br\/?product=limpeza-cabo-extensao-telescopica","title":{"rendered":"EXTENS\u00d5ES TELESC\u00d3PICAS BRALIMPIA"},"content":{"rendered":"","protected":false},"excerpt":{"rendered":"<p>Fabricadas em alum\u00ednio anodizado, as extens\u00f5es podem atingir at\u00e9 9 metros comprimento. S\u00e3o Indicadas para limpeza de vidros ou outras a\u00e7\u00f5es de limpeza geral.<\/p>\n<p><strong>OP\u00c7\u00d5ES DE COMPRIMENTO<\/strong><br \/>\n3 metros e 3 est\u00e1gios (150cm fechado; 1,0kg Peso).<br \/>\n4,5 metros e 3 est\u00e1gios (150cm fechado; 1,9kg Peso).<br \/>\n7,5 metros e 3 est\u00e1gios (250cm fechado; 3,1kg Peso).<br \/>\n9 metros e 3 est\u00e1gios (300cm fechado; 3,7kg Peso).<\/p>\n<p><iframe loading=\"lazy\" width=\"560\" height=\"315\" src=\"https:\/\/www.youtube-nocookie.com\/embed\/FPpIwHAdoGc\" title=\"YouTube video player\" frameborder=\"0\" allow=\"accelerometer; autoplay; clipboard-write; encrypted-media; gyroscope; picture-in-picture\" allowfullscreen><\/iframe><\/p>\n","protected":false},"featured_media":2150,"template":"","meta":[],"product_brand":[],"product_cat":[135,310,309],"product_tag":[114,131,134,27],"class_list":{"0":"post-2149","1":"product","2":"type-product","3":"status-publish","4":"has-post-thumbnail","6":"product_cat-cat_limpeza","7":"product_cat-cat_limpeza_umida","8":"product_cat-cat_limpeza_seca","9":"product_tag-aluminio","10":"product_tag-bralimpia","11":"product_tag-cabos","12":"product_tag-limpeza","14":"first","15":"instock","16":"shipping-taxable","17":"purchasable","18":"product-type-variable"},"jetpack_sharing_enabled":true,"_links":{"self":[{"href":"https:\/\/assulba.com.br\/index.php?rest_route=\/wp\/v2\/product\/2149","targetHints":{"allow":["GET"]}}],"collection":[{"href":"https:\/\/assulba.com.br\/index.php?rest_route=\/wp\/v2\/product"}],"about":[{"href":"https:\/\/assulba.com.br\/index.php?rest_route=\/wp\/v2\/types\/product"}],"wp:featuredmedia":[{"embeddable":true,"href":"https:\/\/assulba.com.br\/index.php?rest_route=\/wp\/v2\/media\/2150"}],"wp:attachment":[{"href":"https:\/\/assulba.com.br\/index.php?rest_route=%2Fwp%2Fv2%2Fmedia&parent=2149"}],"wp:term":[{"taxonomy":"product_brand","embeddable":true,"href":"https:\/\/assulba.com.br\/index.php?rest_route=%2Fwp%2Fv2%2Fproduct_brand&post=2149"},{"taxonomy":"product_cat","embeddable":true,"href":"https:\/\/assulba.com.br\/index.php?rest_route=%2Fwp%2Fv2%2Fproduct_cat&post=2149"},{"taxonomy":"product_tag","embeddable":true,"href":"https:\/\/assulba.com.br\/index.php?rest_route=%2Fwp%2Fv2%2Fproduct_tag&post=2149"}],"curies":[{"name":"wp","href":"https:\/\/api.w.org\/{rel}","templated":true}]}}