{"id":2049,"date":"2018-01-04T14:06:49","date_gmt":"2018-01-04T17:06:49","guid":{"rendered":"http:\/\/assulba.com.br\/?post_type=product&#038;p=2049"},"modified":"2024-03-17T01:01:58","modified_gmt":"2024-03-17T04:01:58","slug":"lixeira-inox-com-pedal-e-balde","status":"publish","type":"product","link":"https:\/\/assulba.com.br\/?product=lixeira-inox-com-pedal-e-balde","title":{"rendered":"LIXEIRAS INOX C\/ PEDAL 3L, 5L, 12L, 20L, OU 30L BRINOX"},"content":{"rendered":"","protected":false},"excerpt":{"rendered":"<p>Recipiente externo feito em a\u00e7o inox, um material resistente e n\u00e3o poroso, que evita o ac\u00famulo de res\u00edduos e facilita a limpeza. Al\u00e9m disso, o produto possui um balde interno remov\u00edvel em pl\u00e1stico. O pedal, localizado na parte inferior da lixeira, facilita a abertura e fechamento da pe\u00e7a e a al\u00e7a exterior simplifica o seu transporte. O sistema de ader\u00eancia por ventosas fixado na base garante a estabilidade e o manuseio da mesma. O produto est\u00e1 dispon\u00edvel em cinco diferentes tamanhos.<\/p>\n<hr \/>\n<p><strong>OP\u00c7\u00d5ES DE TAMANHOS<\/strong><br \/>\n3L (A 27cm; L 17cm; C 17cm)<br \/>\n5L (A 30cm; L 20cm; C 20cm)<br \/>\n12L (A 41cm; L 25cm; C 25cm)<br \/>\n20L (A 46cm; L 30cm; C 30cm)<br \/>\n30L (A 64cm; L 30cm; C 30cm)<\/p>\n","protected":false},"featured_media":4760,"template":"","meta":[],"product_brand":[],"product_cat":[21,314],"product_tag":[31,70],"class_list":{"0":"post-2049","1":"product","2":"type-product","3":"status-publish","4":"has-post-thumbnail","6":"product_cat-cat_lixeiras","7":"product_cat-cat_lixeirainox","8":"product_tag-inox","9":"product_tag-lixeiras","11":"first","12":"instock","13":"shipping-taxable","14":"purchasable","15":"product-type-variable"},"jetpack_sharing_enabled":true,"_links":{"self":[{"href":"https:\/\/assulba.com.br\/index.php?rest_route=\/wp\/v2\/product\/2049","targetHints":{"allow":["GET"]}}],"collection":[{"href":"https:\/\/assulba.com.br\/index.php?rest_route=\/wp\/v2\/product"}],"about":[{"href":"https:\/\/assulba.com.br\/index.php?rest_route=\/wp\/v2\/types\/product"}],"wp:featuredmedia":[{"embeddable":true,"href":"https:\/\/assulba.com.br\/index.php?rest_route=\/wp\/v2\/media\/4760"}],"wp:attachment":[{"href":"https:\/\/assulba.com.br\/index.php?rest_route=%2Fwp%2Fv2%2Fmedia&parent=2049"}],"wp:term":[{"taxonomy":"product_brand","embeddable":true,"href":"https:\/\/assulba.com.br\/index.php?rest_route=%2Fwp%2Fv2%2Fproduct_brand&post=2049"},{"taxonomy":"product_cat","embeddable":true,"href":"https:\/\/assulba.com.br\/index.php?rest_route=%2Fwp%2Fv2%2Fproduct_cat&post=2049"},{"taxonomy":"product_tag","embeddable":true,"href":"https:\/\/assulba.com.br\/index.php?rest_route=%2Fwp%2Fv2%2Fproduct_tag&post=2049"}],"curies":[{"name":"wp","href":"https:\/\/api.w.org\/{rel}","templated":true}]}}