{"id":2007,"date":"2018-01-02T20:13:08","date_gmt":"2018-01-02T23:13:08","guid":{"rendered":"http:\/\/assulba.com.br\/?post_type=product&#038;p=2007"},"modified":"2024-03-17T01:01:58","modified_gmt":"2024-03-17T04:01:58","slug":"sensor-de-presenca-para-soquete","status":"publish","type":"product","link":"https:\/\/assulba.com.br\/?product=sensor-de-presenca-para-soquete","title":{"rendered":"Sensor de presen\u00e7a para soquete\/l\u00e2mpada"},"content":{"rendered":"","protected":false},"excerpt":{"rendered":"<p>REF. 2411<\/p>\n<p>Sensor de Presen\u00e7a e Fotoc\u00e9lula P\/ Soquete<\/p>\n<p>O uso de interruptores n\u00e3o \u00e9 poss\u00edvel em todos os lugares. Para estes casos, o Sensor de Presen\u00e7a e a Fotoc\u00e9lula para Soquete \u00e9 a solu\u00e7\u00e3o ideal. Utilize-o em escadas de inc\u00eandio, halls, corredores e em qualquer lugar em que sinta a necessidade de eliminar o uso de interruptores e fazer com que a l\u00e2mpada se acenda com a detec\u00e7\u00e3o de pessoas no ambiente. Com simples instala\u00e7\u00e3o e f\u00e1cil manuseio. Al\u00e9m disso, possui fotoc\u00e9lula ajust\u00e1vel, que permite que o sensor seja ajustado para um funcionamento cont\u00ednuo ou para funcionar somente \u00e0 noite. Para instalar, basta rosquear o soquete em um soquete comum. Depois, instale a l\u00e2mpada.<\/p>\n<p>Tens\u00e3o: 110-240V<br \/>\nCarga nominal: <60W\nBase: E27\nFaixa de detec\u00e7\u00e3o: 360\u00ba\nDist\u00e2ncia detec\u00e7\u00e3o: 6m (Max)\nTempo de atraso: 10s a 5min\n\n<\/p>\n","protected":false},"featured_media":2008,"template":"","meta":[],"product_brand":[],"product_cat":[303,138],"product_tag":[57,125,127],"class_list":{"0":"post-2007","1":"product","2":"type-product","3":"status-publish","4":"has-post-thumbnail","6":"product_cat-servico-espera","7":"product_cat-cat_iluminacao","8":"product_tag-eletrico","9":"product_tag-iluminacao","10":"product_tag-seguranca","12":"first","13":"instock","14":"shipping-taxable","15":"purchasable","16":"product-type-simple"},"jetpack_sharing_enabled":true,"_links":{"self":[{"href":"https:\/\/assulba.com.br\/index.php?rest_route=\/wp\/v2\/product\/2007","targetHints":{"allow":["GET"]}}],"collection":[{"href":"https:\/\/assulba.com.br\/index.php?rest_route=\/wp\/v2\/product"}],"about":[{"href":"https:\/\/assulba.com.br\/index.php?rest_route=\/wp\/v2\/types\/product"}],"wp:featuredmedia":[{"embeddable":true,"href":"https:\/\/assulba.com.br\/index.php?rest_route=\/wp\/v2\/media\/2008"}],"wp:attachment":[{"href":"https:\/\/assulba.com.br\/index.php?rest_route=%2Fwp%2Fv2%2Fmedia&parent=2007"}],"wp:term":[{"taxonomy":"product_brand","embeddable":true,"href":"https:\/\/assulba.com.br\/index.php?rest_route=%2Fwp%2Fv2%2Fproduct_brand&post=2007"},{"taxonomy":"product_cat","embeddable":true,"href":"https:\/\/assulba.com.br\/index.php?rest_route=%2Fwp%2Fv2%2Fproduct_cat&post=2007"},{"taxonomy":"product_tag","embeddable":true,"href":"https:\/\/assulba.com.br\/index.php?rest_route=%2Fwp%2Fv2%2Fproduct_tag&post=2007"}],"curies":[{"name":"wp","href":"https:\/\/api.w.org\/{rel}","templated":true}]}}