{"id":2003,"date":"2018-01-02T17:46:15","date_gmt":"2018-01-02T17:46:15","guid":{"rendered":"http:\/\/assulba.com.br\/?post_type=product&#038;p=2003"},"modified":"2024-03-17T01:01:58","modified_gmt":"2024-03-17T04:01:58","slug":"banco-tramandai","status":"publish","type":"product","link":"https:\/\/assulba.com.br\/?product=banco-tramandai","title":{"rendered":"Banco Tramanda\u00ed Tramontina"},"content":{"rendered":"","protected":false},"excerpt":{"rendered":"<p>REF. 1458<\/p>\n<p>O banco Tramanda\u00ed nasceu fazendo refer\u00eancia ao antigo banco de madeira de pra\u00e7a. O novo produto, por ser de pl\u00e1stico, torna-se compat\u00edvel com ambientes residenciais ou empresariais.<\/p>\n<p>Resiste a uma carga est\u00e1tica de at\u00e9 300 kg. Possui 1 (um) ano de garantia.<\/p>\n<p>Informa\u00e7\u00f5es Gerais: Feito em polipropileno<br \/>\nCores: Branco ou marrom<br \/>\nPeso: 14,63 kg<br \/>\nComprimento: 1500 mm<br \/>\nLargura: 520 mm<br \/>\nAltura: 720 mm<br \/>\nGarantia: 1 ano<\/p>\n","protected":false},"featured_media":4510,"template":"","meta":[],"product_brand":[],"product_cat":[159],"product_tag":[35,64],"class_list":{"0":"post-2003","1":"product","2":"type-product","3":"status-publish","4":"has-post-thumbnail","6":"product_cat-cat_moveis_play","7":"product_tag-jardim","8":"product_tag-moveis","10":"first","11":"instock","12":"shipping-taxable","13":"purchasable","14":"product-type-simple"},"jetpack_sharing_enabled":true,"_links":{"self":[{"href":"https:\/\/assulba.com.br\/index.php?rest_route=\/wp\/v2\/product\/2003","targetHints":{"allow":["GET"]}}],"collection":[{"href":"https:\/\/assulba.com.br\/index.php?rest_route=\/wp\/v2\/product"}],"about":[{"href":"https:\/\/assulba.com.br\/index.php?rest_route=\/wp\/v2\/types\/product"}],"wp:featuredmedia":[{"embeddable":true,"href":"https:\/\/assulba.com.br\/index.php?rest_route=\/wp\/v2\/media\/4510"}],"wp:attachment":[{"href":"https:\/\/assulba.com.br\/index.php?rest_route=%2Fwp%2Fv2%2Fmedia&parent=2003"}],"wp:term":[{"taxonomy":"product_brand","embeddable":true,"href":"https:\/\/assulba.com.br\/index.php?rest_route=%2Fwp%2Fv2%2Fproduct_brand&post=2003"},{"taxonomy":"product_cat","embeddable":true,"href":"https:\/\/assulba.com.br\/index.php?rest_route=%2Fwp%2Fv2%2Fproduct_cat&post=2003"},{"taxonomy":"product_tag","embeddable":true,"href":"https:\/\/assulba.com.br\/index.php?rest_route=%2Fwp%2Fv2%2Fproduct_tag&post=2003"}],"curies":[{"name":"wp","href":"https:\/\/api.w.org\/{rel}","templated":true}]}}